{"id":3242,"date":"2022-02-17T20:47:30","date_gmt":"2022-02-17T20:47:30","guid":{"rendered":"http:\/\/ipls.org\/projekte\/alleyesonjustice\/?page_id=3242"},"modified":"2022-02-17T20:53:53","modified_gmt":"2022-02-17T20:53:53","slug":"masa-1-3-1","status":"publish","type":"page","link":"https:\/\/ipls.org\/projekte\/alleyesonjustice\/qellimi-i-politikes-1\/objektivi-specifik-1-3\/masa-1-3-1\/","title":{"rendered":"Masa 1.3.1"},"content":{"rendered":"<p>[vc_row][vc_column hide_bg_image_on_tablet=&#8221;&#8221; hide_bg_image_on_mobile=&#8221;&#8221; icons_position=&#8221;left&#8221; css=&#8221;.vc_custom_1509966252982{margin-top: -0.4rem !important;}&#8221;][vc_column_text]<\/p>\n<h2><a name=\"_Toc77083928\"><\/a><a name=\"_Toc77151005\"><\/a><strong>Masa 1.3.1<\/strong><\/h2>\n<p><em>\u201cP\u00ebrfundimi i procedurave t\u00eb em\u00ebrimit, promovimit, transferimit t\u00eb magjistrat\u00ebve t\u00eb diplomuar nga SHM<strong>\u201d<\/strong><\/em><\/p>\n<p>Kjo mas\u00eb \u00ebsht\u00eb e vlefshme p\u00ebr t\u00eb dyja rezultatet 1.3.1 dhe 1.3.2, nisur nga fakti se gjyqtar\u00ebt dhe prokuror\u00ebt\u00a0 em\u00ebrohen, promovohen, transferohen respektivisht nga KLGJ dhe KLP pas diplomimit t\u00eb tyre nga SHM. Kjo mas\u00eb nga m\u00ebnyra sesi \u00ebsht\u00eb hartuar ngjan m\u00eb tep\u00ebr me nj\u00eb rezultat sesa nj\u00eb mas\u00eb n\u00eb vetvete, e p\u00ebr k\u00ebt\u00eb duhet t\u00eb riformulohet. S\u00eb pari, procesi i em\u00ebrimit, promovimit apo transferimit t\u00eb magjistrat\u00ebve\u00a0 \u00ebsht\u00eb nj\u00eb\u00a0 proces i vazhduesh\u00ebm dhe i p\u00ebrvitsh\u00ebm dhe duhet t\u00eb rishkruhet p\u00ebr t\u00eb shmangur natyr\u00ebn e saj si nj\u00eb proces i vet\u00ebm (q\u00eb vjen prej p\u00ebrdorimit t\u00eb fjal\u00ebs \u201cp\u00ebrfundimi\u201d). S\u00eb dyti, kryerja e procedurave t\u00eb em\u00ebrimit, promovimit, transferimit t\u00eb magjistrat\u00ebve t\u00eb diplomuar nga SHM, p\u00ebrb\u00ebn nj\u00eb detyr\u00eb funksionale baz\u00eb t\u00eb k\u00ebtyre institucioneve dhe jo detyrimisht \u00e7on n\u00eb arritjen e rezultatit p\u00ebr kryerjen e k\u00ebsaj detyre (em\u00ebrimit, promovimit, transferimit t\u00eb magjistrat\u00ebve t\u00eb diplomuar nga SHM) sipas standardeve. S\u00eb treti<em>,<\/em> rezultati 1.3.1 dhe 1.3.2 fokusohet nd\u00ebr t\u00eb tjera edhe tek kapacitetet dhe burimet e institucioneve t\u00eb KLGJ dhe KLP dhe kjo mas\u00eb e vetme nuk p\u00ebrmbush Rezultatet e m\u00ebsip\u00ebrme n\u00eb t\u00ebr\u00ebsin\u00eb e tyre. P\u00ebr k\u00ebt\u00eb arsye, duhet t\u00eb shoq\u00ebrohet me masa q\u00eb \u00e7ojn\u00eb n\u00eb rritjen e burimeve dhe kapacitetet n\u00eb t\u00eb gjith\u00eb element\u00ebt apo komponent\u00ebt q\u00eb p\u00ebrmendin Rezultatet 1.3.1 dhe 1.3.2 dhe Objektivi 1.3. Aktualisht masa t\u00eb tilla konkrete nuk ka n\u00eb Planin Strategjik t\u00eb KLP, nd\u00ebrkoh\u00eb q\u00eb Plani strategjik i KLGJ \u00ebsht\u00eb n\u00eb faz\u00ebn e hartimit.<\/p>\n<p>Nj\u00eb mas\u00eb e cila mund t\u00eb ndikonte n\u00eb em\u00ebrimin, promovimin dhe transferimin e magjistrat\u00ebve sipas rregullave dhe standardeve t\u00eb k\u00ebrkuara dhe t\u00eb miratuara mund t\u00eb jet\u00eb: <em>Rritja e transparenc\u00ebs s\u00eb vendimmarrjes n\u00eb procesin e em\u00ebrimeve, transferimit dhe promovimeve t\u00eb tyre<\/em>. Nj\u00eb mas\u00eb e till\u00eb \u00ebsht\u00eb e parashikuar aktualisht n\u00eb Plan Veprimin e SND I p\u00ebr vitin 2018-2021.<\/p>\n<p>Gjithashtu, pavar\u00ebsisht se rezultatet fokusohen vet\u00ebm tek kapacitetet e KLGJ dhe KLP, situata aktuale n\u00eb t\u00eb cil\u00ebn gjendet sistemi gjyq\u00ebsor dhe i prokuroris\u00eb, si pasoj\u00eb e uljes s\u00eb numrit t\u00eb p\u00ebrgjithsh\u00ebm t\u00eb magjistrat\u00ebve, si dhe p\u00ebr shkak t\u00eb mosmiratimit ende t\u00eb hart\u00ebs gjyq\u00ebsore, mund t\u00eb rezultoj\u00eb n\u00eb mosarritjen e rezultateve t\u00eb m\u00ebsip\u00ebrme vet\u00ebm me k\u00ebt\u00eb mas\u00eb. Gjithashtu, duhet mbajtur parasysh se k\u00ebt\u00eb vit (2021) nuk do t\u00eb ket\u00eb em\u00ebrime fillestare nga KLGJ dhe KLP p\u00ebr shkak t\u00eb mospasjes s\u00eb pranimeve p\u00ebr k\u00ebt\u00eb q\u00ebllim n\u00eb vitin 2018-2019. P\u00ebrjashtim b\u00ebjn\u00eb k\u00ebshilltar\u00ebt ligjor\u00eb, t\u00eb cil\u00ebt e kan\u00eb kryer kursin 1 vje\u00e7ar.<\/p>\n<p><strong><em>Konkluzion: <\/em><\/strong><em>Duhet par\u00eb mund\u00ebsia e riformulimit t\u00eb k\u00ebsaj mase p\u00ebr t\u2019a p\u00ebrshtatur me Rezultatet 1.3.1 dhe 1.3.2, konkretisht, me kryerjen e aktiviteteve t\u00eb KLGj-s\u00eb dhe KLP-s\u00eb p\u00ebr em\u00ebrimin, promovimin dhe transferimin e gjyqtar\u00ebve, prokuror\u00ebve dhe\/ose t\u00eb k\u00ebshilltar\u00ebve ligjor\u00eb sipas rregullave dhe standardeve t\u00eb k\u00ebrkuara dhe t\u00eb miratuara . Gjithashtu, kjo mas\u00eb duhet t\u00eb shoq\u00ebrohet me masa shtes\u00eb\u00a0 q\u00eb synojn\u00eb konsolidimin e institucioneve si n\u00eb drejtim t\u00eb kapaciteteve ashtu edhe burimeve dhe transparenc\u00ebs. Lidhur me k\u00ebt\u00eb t\u00eb fundit sugjerojm\u00eb t\u00eb p\u00ebrfshihet si mas\u00eb<\/em><em>\u201c<\/em><em>B\u00ebrja transparente e procesit t\u00ebvendimmarrjes lidhur me em\u00ebrimet, transferimet dhe promovimet\u00a0 e magjistrat\u00ebve<\/em>[\/vc_column_text][\/vc_column][\/vc_row][vc_row][vc_column icons_position=&#8221;left&#8221;][vc_separator][\/vc_column][\/vc_row]<\/p>\n","protected":false},"excerpt":{"rendered":"<p>[vc_row][vc_column hide_bg_image_on_tablet=&#8221;&#8221; hide_bg_image_on_mobile=&#8221;&#8221; icons_position=&#8221;left&#8221; css=&#8221;.vc_custom_1509966252982{margin-top: -0.4rem !important;}&#8221;][vc_column_text] Masa 1.3.1 \u201cP\u00ebrfundimi i procedurave t\u00eb em\u00ebrimit, promovimit, transferimit t\u00eb magjistrat\u00ebve t\u00eb diplomuar nga SHM\u201d Kjo mas\u00eb \u00ebsht\u00eb e vlefshme p\u00ebr t\u00eb dyja rezultatet 1.3.1 dhe 1.3.2, nisur nga fakti se gjyqtar\u00ebt dhe prokuror\u00ebt\u00a0 em\u00ebrohen, promovohen, transferohen respektivisht nga KLGJ dhe KLP pas diplomimit t\u00eb tyre nga SHM. Kjo mas\u00eb nga m\u00ebnyra sesi&hellip;<\/p>\n","protected":false},"author":1,"featured_media":0,"parent":3179,"menu_order":0,"comment_status":"closed","ping_status":"closed","template":"","meta":{"footnotes":""},"class_list":["post-3242","page","type-page","status-publish","hentry"],"_links":{"self":[{"href":"https:\/\/ipls.org\/projekte\/alleyesonjustice\/wp-json\/wp\/v2\/pages\/3242","targetHints":{"allow":["GET"]}}],"collection":[{"href":"https:\/\/ipls.org\/projekte\/alleyesonjustice\/wp-json\/wp\/v2\/pages"}],"about":[{"href":"https:\/\/ipls.org\/projekte\/alleyesonjustice\/wp-json\/wp\/v2\/types\/page"}],"author":[{"embeddable":true,"href":"https:\/\/ipls.org\/projekte\/alleyesonjustice\/wp-json\/wp\/v2\/users\/1"}],"replies":[{"embeddable":true,"href":"https:\/\/ipls.org\/projekte\/alleyesonjustice\/wp-json\/wp\/v2\/comments?post=3242"}],"version-history":[{"count":1,"href":"https:\/\/ipls.org\/projekte\/alleyesonjustice\/wp-json\/wp\/v2\/pages\/3242\/revisions"}],"predecessor-version":[{"id":3243,"href":"https:\/\/ipls.org\/projekte\/alleyesonjustice\/wp-json\/wp\/v2\/pages\/3242\/revisions\/3243"}],"up":[{"embeddable":true,"href":"https:\/\/ipls.org\/projekte\/alleyesonjustice\/wp-json\/wp\/v2\/pages\/3179"}],"wp:attachment":[{"href":"https:\/\/ipls.org\/projekte\/alleyesonjustice\/wp-json\/wp\/v2\/media?parent=3242"}],"curies":[{"name":"wp","href":"https:\/\/api.w.org\/{rel}","templated":true}]}}