{"id":3272,"date":"2022-02-17T21:23:43","date_gmt":"2022-02-17T21:23:43","guid":{"rendered":"http:\/\/ipls.org\/projekte\/alleyesonjustice\/?page_id=3272"},"modified":"2022-02-17T21:23:43","modified_gmt":"2022-02-17T21:23:43","slug":"masa-2-1-5","status":"publish","type":"page","link":"https:\/\/ipls.org\/projekte\/alleyesonjustice\/qellimi-i-politikes-2\/objektivi-specifik-2-1\/masa-2-1-5\/","title":{"rendered":"Masa 2.1.5"},"content":{"rendered":"<p>[vc_row][vc_column hide_bg_image_on_tablet=&#8221;&#8221; hide_bg_image_on_mobile=&#8221;&#8221; icons_position=&#8221;left&#8221; css=&#8221;.vc_custom_1509966252982{margin-top: -0.4rem !important;}&#8221;][vc_column_text]<\/p>\n<h2><a name=\"_Toc77083928\"><\/a><a name=\"_Toc77151005\"><\/a><strong>Masa 2.1.5<\/strong><\/h2>\n<p><em>\u201cP<\/em><em>\u00eb<\/em><em>rgatitja, diskutimi dhe miratimi i paket<\/em><em>\u00eb<\/em><em>s s<\/em><em>\u00eb<\/em><em> ndryshimeve t<\/em><em>\u00eb<\/em><em> nevojshme t<\/em><em>\u00eb<\/em><em> KF\u201d<\/em>.<\/p>\n<p>Kjo mas\u00eb, e nj\u00ebjt\u00eb n\u00eb formulim edhe n\u00eb arsyet e parashikimit t\u00eb saj n\u00eb p\u00ebrmbushje t\u00eb Rezultatit 2.1, parashikon hapat q\u00eb duhet t\u00eb ndiqen nga Ministria e Drejt\u00ebsis\u00eb p\u00ebr t\u00eb ndryshuar Kodin e Familjes me synim p\u00ebr t\u00eb leht\u00ebsuar, ndihmuar dhe nxitur b\u00ebrjen efektive t\u00eb disa parimeve q\u00eb k\u00ebrkohen nga ky kod, i cili ka dispozita edhe t\u00eb karakterit material, por edhe t\u00eb karakterit procedural dhe si t\u00eb tilla ndikojn\u00eb n\u00eb shqyrtimin gjyq\u00ebsor me eficienc\u00eb, n\u00eb transparenc\u00eb dhe q\u00eb i jep akses pal\u00ebve n\u00eb proces.<\/p>\n<p><strong><em>Konkluzion<\/em><\/strong><em>: Analiza e KF dhe propozimi i ndryshimeve t<\/em><em>\u00eb<\/em><em> mundshme <\/em><em>\u00eb<\/em><em>sht<\/em><em>\u00eb<\/em><em> nj<\/em><em>\u00eb<\/em><em> mas<\/em><em>\u00eb<\/em><em> e domosdoshme pasi KF <\/em><em>\u00eb<\/em><em>sht<\/em><em>\u00eb<\/em><em> komplementar me KPrC n<\/em><em>\u00eb<\/em><em> c<\/em><em>\u00eb<\/em><em>shtje t<\/em><em>\u00eb<\/em><em> procesit gjyq<\/em><em>\u00eb<\/em><em>sor, dhe ndryshimet n<\/em><em>\u00eb<\/em><em> k<\/em><em>\u00eb<\/em><em>to kode duhet t<\/em><em>\u00eb<\/em><em> ecin paralelisht dhe t<\/em><em>\u00eb<\/em><em> jen<\/em><em>\u00eb<\/em><em> t<\/em><em>\u00eb<\/em><em> harmonizuara. Duke qen<\/em><em>\u00eb<\/em><em> se KF nuk i <\/em><em>\u00eb<\/em><em>sht<\/em><em>\u00eb<\/em><em> n<\/em><em>\u00eb<\/em><em>nshtruar ndryshimeve s<\/em><em>\u00eb<\/em><em> fundmi<a href=\"#_ftn1\" name=\"_ftnref1\"><sup><strong>[1]<\/strong><\/sup><\/a>, nj<\/em><em>\u00eb<\/em><em> analiz<\/em><em>\u00eb<\/em><em> e tij, brenda afatit q<\/em><em>\u00eb<\/em><em> parashikon masa (2022-2023), vler<\/em><em>\u00eb<\/em><em>sohet e arsyeshme dhe e p<\/em><em>\u00eb<\/em><em>rshtatshme.<\/em><\/p>\n<p><a href=\"#_ftnref1\" name=\"_ftn1\">[1]<\/a>Ndryshimet e fundit jan\u00eb b\u00ebr\u00eb me ligjin nr. 134\/2015, date 05.12.2015 \u201cP\u00ebr disa ndryshime n\u00eb ligjin nr. 9062, date 8.05.2003, \u201cKodi i Familjes\u201d.[\/vc_column_text][\/vc_column][\/vc_row][vc_row][vc_column icons_position=&#8221;left&#8221;][vc_separator][\/vc_column][\/vc_row]<\/p>\n","protected":false},"excerpt":{"rendered":"<p>[vc_row][vc_column hide_bg_image_on_tablet=&#8221;&#8221; hide_bg_image_on_mobile=&#8221;&#8221; icons_position=&#8221;left&#8221; css=&#8221;.vc_custom_1509966252982{margin-top: -0.4rem !important;}&#8221;][vc_column_text] Masa 2.1.5 \u201cP\u00ebrgatitja, diskutimi dhe miratimi i paket\u00ebs s\u00eb ndryshimeve t\u00eb nevojshme t\u00eb KF\u201d. Kjo mas\u00eb, e nj\u00ebjt\u00eb n\u00eb formulim edhe n\u00eb arsyet e parashikimit t\u00eb saj n\u00eb p\u00ebrmbushje t\u00eb Rezultatit 2.1, parashikon hapat q\u00eb duhet t\u00eb ndiqen nga Ministria e Drejt\u00ebsis\u00eb p\u00ebr t\u00eb ndryshuar Kodin e Familjes me synim p\u00ebr t\u00eb leht\u00ebsuar,&hellip;<\/p>\n","protected":false},"author":1,"featured_media":0,"parent":3263,"menu_order":0,"comment_status":"closed","ping_status":"closed","template":"","meta":{"footnotes":""},"class_list":["post-3272","page","type-page","status-publish","hentry"],"_links":{"self":[{"href":"https:\/\/ipls.org\/projekte\/alleyesonjustice\/wp-json\/wp\/v2\/pages\/3272","targetHints":{"allow":["GET"]}}],"collection":[{"href":"https:\/\/ipls.org\/projekte\/alleyesonjustice\/wp-json\/wp\/v2\/pages"}],"about":[{"href":"https:\/\/ipls.org\/projekte\/alleyesonjustice\/wp-json\/wp\/v2\/types\/page"}],"author":[{"embeddable":true,"href":"https:\/\/ipls.org\/projekte\/alleyesonjustice\/wp-json\/wp\/v2\/users\/1"}],"replies":[{"embeddable":true,"href":"https:\/\/ipls.org\/projekte\/alleyesonjustice\/wp-json\/wp\/v2\/comments?post=3272"}],"version-history":[{"count":1,"href":"https:\/\/ipls.org\/projekte\/alleyesonjustice\/wp-json\/wp\/v2\/pages\/3272\/revisions"}],"predecessor-version":[{"id":3273,"href":"https:\/\/ipls.org\/projekte\/alleyesonjustice\/wp-json\/wp\/v2\/pages\/3272\/revisions\/3273"}],"up":[{"embeddable":true,"href":"https:\/\/ipls.org\/projekte\/alleyesonjustice\/wp-json\/wp\/v2\/pages\/3263"}],"wp:attachment":[{"href":"https:\/\/ipls.org\/projekte\/alleyesonjustice\/wp-json\/wp\/v2\/media?parent=3272"}],"curies":[{"name":"wp","href":"https:\/\/api.w.org\/{rel}","templated":true}]}}