{"id":3290,"date":"2022-02-17T21:42:55","date_gmt":"2022-02-17T21:42:55","guid":{"rendered":"http:\/\/ipls.org\/projekte\/alleyesonjustice\/?page_id=3290"},"modified":"2022-02-17T21:42:55","modified_gmt":"2022-02-17T21:42:55","slug":"rezultati-2-3-1","status":"publish","type":"page","link":"https:\/\/ipls.org\/projekte\/alleyesonjustice\/qellimi-i-politikes-2\/objektivi-specifik-2-3\/rezultati-2-3-1\/","title":{"rendered":"Rezultati 2.3.1"},"content":{"rendered":"<p>[vc_row][vc_column hide_bg_image_on_tablet=&#8221;&#8221; hide_bg_image_on_mobile=&#8221;&#8221; icons_position=&#8221;left&#8221; css=&#8221;.vc_custom_1509966252982{margin-top: -0.4rem !important;}&#8221;][vc_column_text]<\/p>\n<h2><a name=\"_Toc77083928\"><\/a><a name=\"_Toc77151005\"><\/a><strong>Rezultati 2.3.1<\/strong><\/h2>\n<p><em>\u201c<\/em><em>Kurrikula te\u0308 Programit te\u0308 Trajnimit Vazhdues te\u0308 SHM te\u0308 pe\u0308rmire\u0308suara dhe pe\u0308rdite\u0308suara<\/em><em>\u201d<\/em><em>.<\/em><\/p>\n<p>Ky rezultat parashikon se n\u00ebp\u00ebrmjet p\u00ebrmir\u00ebsimit dhe p\u00ebrdit\u00ebsimit t\u00eb vazhduesh\u00ebm t\u00eb kurrikulave t\u00eb trajnimit t\u00eb vazhduar (n\u00eb detyr\u00eb) do t\u00eb rritet efikasiteti i aktiviteteve trajnuese dhe cil\u00ebsia e ofruar e tyre e si rrjedhoj\u00eb cil\u00ebsia e performimit t\u00eb sistemit t\u00eb drejt\u00ebsis\u00eb. Kjo lidhje \u00ebsht\u00eb logjike dhe e q\u00ebndrueshme, ndaj \u00ebsht\u00eb hapi i par\u00eb drejt realizimit t\u00eb objektivit.<\/p>\n<p>Megjithat\u00eb, duket se rezultati nuk e ka interpretuar mir\u00eb objektivin kur ka l\u00ebn\u00eb jasht\u00eb trajnimin fillestar, pra momentin kur kemi kandidat\u00eb p\u00ebr magjistrat\u00eb. Trajnimi fillestar, program i gjat\u00eb tre vje\u00e7ar, nuk ka pse t\u00eb shk\u00ebputet si komponent kur flitet p\u00ebr cil\u00ebsin\u00eb e drejt\u00ebsis\u00eb. P\u00ebr m\u00eb tep\u00ebr, n\u00eb kushtet kur n\u00eb k\u00ebto vite dhe t\u00eb pakt\u00ebn n\u00eb dy vitet e ardhshme numri i kandidat\u00ebve p\u00ebr magjistrat\u00eb\u00ebsht\u00eb\/do t\u00eb jet\u00eb shum\u00eb i lart\u00eb, ndikimi i formimit t\u00eb tyre tre vjecar p\u00ebrgjat\u00eb k\u00ebtyre viteve do t\u00eb jet\u00eb treguesi i par\u00eb i cil\u00ebsis\u00eb s\u00eb drejt\u00ebsis\u00eb n\u00eb vitet q\u00eb do t\u00eb vijn\u00eb. P\u00ebrderisa objektivi nuk b\u00ebn nj\u00eb ndarje kur i referohet trajnimit, edhe rezultati nuk duhet t\u00eb parashikonte vet\u00ebm trajnimin vazhdues, por edhe at\u00eb fillestar, i cili, n\u00eb m\u00ebnyr\u00eb t\u00eb vazhdueshme, ka nevoj\u00eb p\u00ebr p\u00ebrmir\u00ebsim dhe p\u00ebrdit\u00ebsim. Pra, n\u00eb m\u00ebnyr\u00ebn si \u00ebsht\u00eb formuluar dhe me masat q\u00eb parashikon, nj\u00eb pjes\u00eb prej t\u00eb cilave do t\u00eb analizohen n\u00eb vijim, ky rezultat nuk e p\u00ebrmbush plot\u00ebsisht k\u00ebt\u00eb komponent t\u00eb objektivit specifik. P\u00ebr k\u00ebt\u00eb arsye, k\u00ebrkohet nj\u00eb rishikim n\u00eb formulimin e rezultatit dhe parashikimin e masave konkrete lidhur me trajnimin e kandidat\u00ebve p\u00ebr magjistrat\u00eb.<\/p>\n<p>Lidhur me mund\u00ebsin\u00eb reale t\u00eb realizimit n\u00eb koh\u00eb t\u00eb rezultatit, duke qen\u00eb se ai parashikon nj\u00eb num\u00ebr t\u00eb madh masash (2.3.1-2.3.11), me afate t\u00eb ndryshme t\u00eb realizimit t\u00eb tyre, kjo analiz\u00eb do t\u00eb b\u00ebhet nj\u00ebher\u00ebsh me mas\u00ebn. N\u00eb t\u00ebr\u00ebsi, afatet e vendosura p\u00ebr realizimin e rezultatit jan\u00eb t\u00eb mundshme p\u00ebr t\u00eb dh\u00ebn\u00eb produkt.<\/p>\n<p><strong><em>Konkluzion<\/em><\/strong><em>: Rezultati do t<\/em><em>\u00eb<\/em><em> duhej t<\/em><em>\u00eb<\/em><em> kishte pjes<\/em><em>\u00eb<\/em><em> t<\/em><em>\u00eb<\/em><em> tij edhe Programin e Formimit Fillestar p<\/em><em>\u00eb<\/em><em>r shkak t<\/em><em>\u00eb<\/em><em> r<\/em><em>\u00eb<\/em><em>nd<\/em><em>\u00eb<\/em><em>sis<\/em><em>\u00eb<\/em><em> thelb<\/em><em>\u00eb<\/em><em>sore q<\/em><em>\u00eb<\/em><em> ka ky program n<\/em><em>\u00eb<\/em><em> formimin e magjistrat<\/em><em>\u00eb<\/em><em>ve. N<\/em><em>\u00eb<\/em><em> kushtet aktuale, ky program merr nj<\/em><em>\u00eb<\/em><em> vler<\/em><em>\u00eb<\/em><em> akoma m<\/em><em>\u00eb<\/em><em> t<\/em><em>\u00eb<\/em><em> madhe p<\/em><em>\u00eb<\/em><em>r shkak t<\/em><em>\u00eb<\/em><em> numrit t<\/em><em>\u00eb<\/em><em> madh t<\/em><em>\u00eb<\/em><em> magjistrat<\/em><em>\u00eb<\/em><em>ve q<\/em><em>\u00eb<\/em><em> pranohen n<\/em><em>\u00eb<\/em><em> k<\/em><em>\u00eb<\/em><em>t<\/em><em>\u00eb<\/em><em>program dhe q<\/em><em>\u00eb<\/em><em> do t<\/em><em>\u00eb<\/em><em> b<\/em><em>\u00eb<\/em><em>hen pjes<\/em><em>\u00eb<\/em><em> e sistemit brenda tre viteve. Pra Rezultati e p<\/em><em>\u00eb<\/em><em>rmbush Objektivin Specifik 2.3 n<\/em><em>\u00eb<\/em><em> m<\/em><em>\u00eb<\/em><em>nyr<\/em><em>\u00eb<\/em><em> t<\/em><em>\u00eb<\/em><em> pjesshme.<\/em>[\/vc_column_text][\/vc_column][\/vc_row][vc_row][vc_column icons_position=&#8221;left&#8221;][vc_separator][\/vc_column][\/vc_row]<\/p>\n","protected":false},"excerpt":{"rendered":"<p>[vc_row][vc_column hide_bg_image_on_tablet=&#8221;&#8221; hide_bg_image_on_mobile=&#8221;&#8221; icons_position=&#8221;left&#8221; css=&#8221;.vc_custom_1509966252982{margin-top: -0.4rem !important;}&#8221;][vc_column_text] Rezultati 2.3.1 \u201cKurrikula te\u0308 Programit te\u0308 Trajnimit Vazhdues te\u0308 SHM te\u0308 pe\u0308rmire\u0308suara dhe pe\u0308rdite\u0308suara\u201d. Ky rezultat parashikon se n\u00ebp\u00ebrmjet p\u00ebrmir\u00ebsimit dhe p\u00ebrdit\u00ebsimit t\u00eb vazhduesh\u00ebm t\u00eb kurrikulave t\u00eb trajnimit t\u00eb vazhduar (n\u00eb detyr\u00eb) do t\u00eb rritet efikasiteti i aktiviteteve trajnuese dhe cil\u00ebsia e ofruar e tyre e si rrjedhoj\u00eb cil\u00ebsia e performimit t\u00eb sistemit&hellip;<\/p>\n","protected":false},"author":1,"featured_media":0,"parent":3287,"menu_order":0,"comment_status":"closed","ping_status":"closed","template":"","meta":{"footnotes":""},"class_list":["post-3290","page","type-page","status-publish","hentry"],"_links":{"self":[{"href":"https:\/\/ipls.org\/projekte\/alleyesonjustice\/wp-json\/wp\/v2\/pages\/3290","targetHints":{"allow":["GET"]}}],"collection":[{"href":"https:\/\/ipls.org\/projekte\/alleyesonjustice\/wp-json\/wp\/v2\/pages"}],"about":[{"href":"https:\/\/ipls.org\/projekte\/alleyesonjustice\/wp-json\/wp\/v2\/types\/page"}],"author":[{"embeddable":true,"href":"https:\/\/ipls.org\/projekte\/alleyesonjustice\/wp-json\/wp\/v2\/users\/1"}],"replies":[{"embeddable":true,"href":"https:\/\/ipls.org\/projekte\/alleyesonjustice\/wp-json\/wp\/v2\/comments?post=3290"}],"version-history":[{"count":1,"href":"https:\/\/ipls.org\/projekte\/alleyesonjustice\/wp-json\/wp\/v2\/pages\/3290\/revisions"}],"predecessor-version":[{"id":3291,"href":"https:\/\/ipls.org\/projekte\/alleyesonjustice\/wp-json\/wp\/v2\/pages\/3290\/revisions\/3291"}],"up":[{"embeddable":true,"href":"https:\/\/ipls.org\/projekte\/alleyesonjustice\/wp-json\/wp\/v2\/pages\/3287"}],"wp:attachment":[{"href":"https:\/\/ipls.org\/projekte\/alleyesonjustice\/wp-json\/wp\/v2\/media?parent=3290"}],"curies":[{"name":"wp","href":"https:\/\/api.w.org\/{rel}","templated":true}]}}