{"id":3319,"date":"2022-02-17T22:19:03","date_gmt":"2022-02-17T22:19:03","guid":{"rendered":"http:\/\/ipls.org\/projekte\/alleyesonjustice\/?page_id=3319"},"modified":"2022-02-17T22:19:03","modified_gmt":"2022-02-17T22:19:03","slug":"masa-2-4-2","status":"publish","type":"page","link":"https:\/\/ipls.org\/projekte\/alleyesonjustice\/qellimi-i-politikes-2\/objektivi-specifik-2-4\/masa-2-4-2\/","title":{"rendered":"Masa 2.4.2"},"content":{"rendered":"<p>[vc_row][vc_column hide_bg_image_on_tablet=&#8221;&#8221; hide_bg_image_on_mobile=&#8221;&#8221; icons_position=&#8221;left&#8221; css=&#8221;.vc_custom_1509966252982{margin-top: -0.4rem !important;}&#8221;][vc_column_text]<\/p>\n<h2><a name=\"_Toc77083928\"><\/a><a name=\"_Toc77151005\"><\/a><strong>Masa 2.4.2 <\/strong><\/h2>\n<p>\u201c<em>Kryerja e vler\u00ebsimeve t\u00eb q\u00ebndrueshme, t\u00eb pavarura dhe gjith\u00ebp\u00ebrfshir\u00ebse t\u00eb gjykatave, p\u00ebr t\u00eb matur performanc\u00ebn kundrejt standardeve t\u00eb p\u00ebrcaktuara<\/em>\u201d<\/p>\n<p>Matja e performanc\u00ebs s\u00eb gjykatave n\u00eb Republik\u00ebn e Shqip\u00ebris\u00eb, si nj\u00eb nd\u00ebrmarrje e parealizuar m\u00eb par\u00eb, \u00ebsht\u00eb domosdoshm\u00ebri. Kjo mas\u00eb lidhet me t\u00eb dy rezultatet e m\u00ebsip\u00ebrme 2.4.1 dhe 2.4.2. N\u00eb k\u00ebt\u00eb aspekt, r\u00ebnd\u00ebsi t\u00eb ve\u00e7ant\u00eb ka q\u00eb n\u00eb radh\u00eb t\u00eb par\u00eb KLGJ t\u00eb identifikoj\u00eb komponent\u00ebt e performanc\u00ebs s\u00eb nj\u00eb sistemi gjyq\u00ebsor cil\u00ebsor q\u00eb operon sipas standardeve t\u00eb fush\u00ebs (pra komponent\u00eb q\u00eb lidhen me pavar\u00ebsin\u00eb, eficenc\u00ebn, efikasitetin, transparenc\u00ebn, aksesin n\u00eb drejt\u00ebsi, llogaridh\u00ebnien, etj), duke p\u00ebrcaktuar nj\u00ebkoh\u00ebsisht m\u00ebnyr\u00ebn dhe metodologjin\u00eb e vler\u00ebsimit\/matjes s\u00eb tyre.<\/p>\n<p>Vler\u00ebsimi i performanc\u00ebs do t\u00eb ndihmonte KLGJ-n\u00eb, por edhe vet\u00eb gjykatat, q\u00eb s\u00eb brendshmi t\u00eb vler\u00ebsonin, kontrollin, buxhetonin, motivonin, promovonin, vler\u00ebsonin arritjet, si dhe t\u00ebp\u00ebrmir\u00ebsonin sh\u00ebrbimet q\u00eb \u2018ofron\u2019 gjykata. Matja e performanc\u00ebs \u00ebsht\u00eb mjet vet\u00ebkontrolli dhe p\u00ebrgjegjshm\u00ebrie. Dhe q\u00eb ky vler\u00ebsim t\u00eb jap\u00eb rezultate realiste duhet q\u00eb t\u00eb jet\u00eb i vazhduesh\u00ebm, i pavarur dhe t\u00eb p\u00ebrfshij\u00eb t\u00ebgjith\u00eb komponent\u00ebt e matsh\u00ebm t\u00eb performanc\u00ebs. Gjithashtu, p\u00ebr t\u00eb q\u00ebn\u00eb gjithp\u00ebrfshir\u00ebs duhet q\u00eb vler\u00ebsimi t\u00eb p\u00ebrfshij\u00eb t\u00eb gjith\u00eb aktor\u00ebt e sistemit (p\u00ebrfshir\u00eb k\u00ebtuqytetar\u00ebt, avokat\u00ebt, etj.).<\/p>\n<p>Nisur nga sa m\u00eb sip\u00ebr, p\u00ebrfshirja e nj\u00eb mase t\u00eb till\u00eb \u00ebsht\u00eb thelb\u00ebsore p\u00ebr arritjen e Objektivit strategjik. Ajo q\u00eb\u00ebsht\u00eb e r\u00ebnd\u00ebsishme lidhur me k\u00ebt\u00eb mas\u00eb\u00ebsht\u00eb identifikimi i sakt\u00eb i komponent\u00ebve q\u00eb p\u00ebrb\u00ebjn\u00eb nj\u00eb sistem gjyq\u00ebsor cil\u00ebsor, metodologjia e vler\u00ebsimit, si dhe matja e tyre. Rezultati i k\u00ebrkuar do t\u00eb vij\u00eb vet\u00ebm n\u00ebse t\u00eb dh\u00ebnat e vler\u00ebsimeve t\u00eb b\u00ebra analizohen dhe konkludojn\u00eb me masa q\u00eb do t\u00eb adresojn\u00eb problematikat e evidentuara si penges\u00eb n\u00eb arritjen e performanc\u00ebs.<\/p>\n<p>Masa nuk krijon konfuzion me rezultatin p\u00ebr arritjen e nj\u00eb gjyq\u00ebsori efikas dhe efektiv q\u00eb operon sipas standardeve. Por, p\u00ebr t\u00eb qen\u00eb e plot\u00eb dhe n\u00eb p\u00ebrputhje me Rezultatin duhet t\u00ebshoq\u00ebrohet me t\u00eb gjitha sa u p\u00ebrmend\u00ebn m\u00eb sip\u00ebr (identifikimin e komponent\u00ebve\/treguesve t\u00eb performanc\u00ebs, metodologjin\u00eb e matjes s\u00eb tyre, analizimin dhe nxjerrjen e rezultateve\/problematikave, si dhe adresimin e tyre me masat e duhura). Vet\u00ebm n\u00eb k\u00ebt\u00eb m\u00ebnyr\u00eb vler\u00ebsimi do t\u00eb ishte i plot\u00eb dhe masa do t\u00eb ishte realiste e do t\u00eb sillte rezultatin e k\u00ebrkuar n\u00eb p\u00ebrputhje me Objektivin 2.4. Pra kjo mas\u00eb e vetme nuk jep rezultatin e k\u00ebrkuar. P\u00ebrve\u00e7 sa m\u00eb sip\u00ebr, kjo mas\u00eb duhet t\u00eb shoq\u00ebrohet me nj\u00eb mas\u00eb, e cila do t\u00eb ket\u00eb n\u00eb fokus evidentimin dhe adresimin e problematikave t\u00eb evidentuara nga vler\u00ebsimet e performanc\u00ebs.<\/p>\n<p><strong><em>Konkluzion<\/em><\/strong><em>: Matja e performanc\u00ebs s\u00eb gjykatave \u00ebsht\u00eb thelb\u00ebsore. Dicka q\u00eb nuk i n\u00ebnshtrohet vler\u00ebsimit nuk mund t\u00eb vler\u00ebsohet dhe nuk mund t\u00eb p\u00ebrmir\u00ebsohet, pasi nuk dihen mang\u00ebsit\u00eb e sistemit dhe se ku duhet t\u00eb nd\u00ebrhyhet. Megjithat\u00eb, p\u00ebr t\u00eb qen\u00eb realiste dhe t\u00eb sjell\u00eb rezultatin e pritsh\u00ebm duhet t\u00eb identifikohen t\u00eb gjith\u00eb hapat procedural\u00eb q\u00eb mund\u00ebsojn\u00eb aplikimin e saj (identifikimin e komponent\u00ebve\/treguesve t\u00eb performanc\u00ebs, metodologjin\u00eb e matjes s\u00eb tyre, analizimin e t\u00eb dh\u00ebnave dhe nxjerrjen e problematikave, adresimin e tyre, si dhe institucionin p\u00ebrgjegj\u00ebs p\u00ebr k\u00ebto procese). K\u00ebto t\u00eb fundit mund t\u00eb hartohen si element\u00eb p\u00ebrb\u00ebr\u00ebs brenda k\u00ebsaj mase sa koh\u00eb i sh\u00ebrbejn\u00eb nj\u00eb procesi t\u00eb vet\u00ebm, pavar\u00ebsisht kompleksitetit t\u00eb tij.<\/em>[\/vc_column_text][\/vc_column][\/vc_row][vc_row][vc_column icons_position=&#8221;left&#8221;][vc_separator][\/vc_column][\/vc_row]<\/p>\n","protected":false},"excerpt":{"rendered":"<p>[vc_row][vc_column hide_bg_image_on_tablet=&#8221;&#8221; hide_bg_image_on_mobile=&#8221;&#8221; icons_position=&#8221;left&#8221; css=&#8221;.vc_custom_1509966252982{margin-top: -0.4rem !important;}&#8221;][vc_column_text] Masa 2.4.2 \u201cKryerja e vler\u00ebsimeve t\u00eb q\u00ebndrueshme, t\u00eb pavarura dhe gjith\u00ebp\u00ebrfshir\u00ebse t\u00eb gjykatave, p\u00ebr t\u00eb matur performanc\u00ebn kundrejt standardeve t\u00eb p\u00ebrcaktuara\u201d Matja e performanc\u00ebs s\u00eb gjykatave n\u00eb Republik\u00ebn e Shqip\u00ebris\u00eb, si nj\u00eb nd\u00ebrmarrje e parealizuar m\u00eb par\u00eb, \u00ebsht\u00eb domosdoshm\u00ebri. Kjo mas\u00eb lidhet me t\u00eb dy rezultatet e m\u00ebsip\u00ebrme 2.4.1 dhe 2.4.2. N\u00eb k\u00ebt\u00eb&hellip;<\/p>\n","protected":false},"author":1,"featured_media":0,"parent":3308,"menu_order":0,"comment_status":"closed","ping_status":"closed","template":"","meta":{"footnotes":""},"class_list":["post-3319","page","type-page","status-publish","hentry"],"_links":{"self":[{"href":"https:\/\/ipls.org\/projekte\/alleyesonjustice\/wp-json\/wp\/v2\/pages\/3319","targetHints":{"allow":["GET"]}}],"collection":[{"href":"https:\/\/ipls.org\/projekte\/alleyesonjustice\/wp-json\/wp\/v2\/pages"}],"about":[{"href":"https:\/\/ipls.org\/projekte\/alleyesonjustice\/wp-json\/wp\/v2\/types\/page"}],"author":[{"embeddable":true,"href":"https:\/\/ipls.org\/projekte\/alleyesonjustice\/wp-json\/wp\/v2\/users\/1"}],"replies":[{"embeddable":true,"href":"https:\/\/ipls.org\/projekte\/alleyesonjustice\/wp-json\/wp\/v2\/comments?post=3319"}],"version-history":[{"count":1,"href":"https:\/\/ipls.org\/projekte\/alleyesonjustice\/wp-json\/wp\/v2\/pages\/3319\/revisions"}],"predecessor-version":[{"id":3320,"href":"https:\/\/ipls.org\/projekte\/alleyesonjustice\/wp-json\/wp\/v2\/pages\/3319\/revisions\/3320"}],"up":[{"embeddable":true,"href":"https:\/\/ipls.org\/projekte\/alleyesonjustice\/wp-json\/wp\/v2\/pages\/3308"}],"wp:attachment":[{"href":"https:\/\/ipls.org\/projekte\/alleyesonjustice\/wp-json\/wp\/v2\/media?parent=3319"}],"curies":[{"name":"wp","href":"https:\/\/api.w.org\/{rel}","templated":true}]}}