{"id":3325,"date":"2022-02-17T22:30:14","date_gmt":"2022-02-17T22:30:14","guid":{"rendered":"http:\/\/ipls.org\/projekte\/alleyesonjustice\/?page_id=3325"},"modified":"2022-02-17T22:30:14","modified_gmt":"2022-02-17T22:30:14","slug":"rezultati-2-4-5","status":"publish","type":"page","link":"https:\/\/ipls.org\/projekte\/alleyesonjustice\/qellimi-i-politikes-2\/objektivi-specifik-2-4\/rezultati-2-4-5\/","title":{"rendered":"Rezultati 2.4.5"},"content":{"rendered":"<p>[vc_row][vc_column hide_bg_image_on_tablet=&#8221;&#8221; hide_bg_image_on_mobile=&#8221;&#8221; icons_position=&#8221;left&#8221; css=&#8221;.vc_custom_1509966252982{margin-top: -0.4rem !important;}&#8221;][vc_column_text]<\/p>\n<h2><a name=\"_Toc77083928\"><\/a><a name=\"_Toc77151005\"><\/a><strong>Rezultati 2.4.5 <\/strong><\/h2>\n<p><em>\u201cKrijimi i komunikimit dhe koordinimit efektiv t\u00eb jasht\u00ebm: p\u00ebrmir\u00ebsimi i marr\u00ebdh\u00ebnieve midis gjyq\u00ebsorit, partner\u00ebve t\u00eb tij, institucioneve t\u00eb pavarura, si ILD, dhe publikut duke zhvilluar dhe zbatuar nj\u00eb strategji komunikimi t\u00eb qart\u00eb\u201d.<\/em><\/p>\n<p><em>\u00a0<\/em><\/p>\n<p>Ky rezultat n\u00ebnkupton q\u00eb n\u00eb funksion t\u00eb p\u00ebrmbushjes s\u00eb Objektivit Specifik 2.4 t\u00eb kemi\u00a0 komunikimin dhe koordinimin efektiv midis gjyq\u00ebsorit, partner\u00ebve t\u00eb tij dhe institucioneve t\u00eb pavarura, si ILD. Si premis\u00eb p\u00ebr k\u00ebt\u00eb rezultat do t\u00eb jet\u00eb zhvillimi dhe zbatimi i\u00a0 nj\u00eb strategjie t\u00eb qart\u00eb komunikimi.<\/p>\n<p>Nga m\u00ebnyra si \u00ebsht\u00eb formuluar, duket q\u00eb ky rezultat i p\u00ebrgjigjet vet\u00ebm pjes\u00ebrisht Objektivit 2.4, konkretisht pjes\u00ebs s\u00eb transparenc\u00ebs n\u00eb sh\u00ebrbimet e ofruara.<\/p>\n<p>Komunikimi me publikun ndikon n\u00eb transparenc\u00ebn e gjyq\u00ebsorit, aksesin e qytetar\u00ebve n\u00eb informacion, rrit besimin e publikut tek drejt\u00ebsia dhe b\u00ebn sistemin m\u00eb t\u00eb p\u00ebrgjegjsh\u00ebm. Gjithashtu, ekzistenca e nj\u00eb strategjie komunikimi <em>per se<\/em>, p\u00ebrb\u00ebn hap pozitiv p\u00ebr \u00e7do institucion apo sistem. Nj\u00eb strategji e till\u00eb, p\u00ebr llogari t\u00eb\u00a0 gjyq\u00ebsorit\u2018, \u00ebsht\u00eb miratuar nga KLGJ<a href=\"#_ftn1\" name=\"_ftnref1\">[1]<\/a>. Kjo lloj strategjie pritet t\u00eb sjell\u00eb efekte tek publiku dhe p\u00ebrdoruesit e gjykatave t\u00eb t\u00eb gjitha niveleve. Strategjia e komunikimit ka natyr\u00eb gjith\u00ebp\u00ebrfshir\u00ebse dhe parashikon forma komunikimi dhe nd\u00ebrveprimi me publikun dhe p\u00ebrfituesit e gjykatave. P\u00ebr t\u2019a b\u00ebr\u00eb realist k\u00ebt\u00eb rezultat, n\u00ebSND II, n\u00eb konsultim me KLGJ, do t\u00eb ishte me interes t\u00eb p\u00ebrfshiheshin masa, t\u00eb cilat jan\u00eb ende n\u00eb proces n\u00eb kuad\u00ebr t\u00eb Planit Strategjik t\u00eb komunikimit miratuar p\u00ebr Gjyq\u00ebsorin. K\u00ebshtu\u00a0 do t\u00eb monitorohej dhe do t\u00eb matej progresi i transparenc\u00ebs s\u00eb gjyq\u00ebsorit me publikun dhe shkalla e realizimit t\u00eb vet\u00eb Planit Strategjik t\u00eb Komunikimit. N\u00eb k\u00ebt\u00eb m\u00ebnyr\u00eb dhe indikatori q\u00eb mat k\u00ebt\u00eb rezultat <em>\u201c<\/em><em>% e \u00e7\u00ebshtjeve gjyq\u00ebsore p\u00ebr t\u00eb cilat informacioni baz\u00eb \u00ebsht\u00eb n\u00eb dispozicion n\u00eb internet dhe i p\u00ebrdit\u00ebsuar<\/em>\u201d do t\u00ebmerrte m\u00eb tep\u00ebr vler\u00eb. Nj\u00eb indikator tjet\u00ebr n\u00eb funksion t\u00eb matjes s\u00eb k\u00ebtij rezultati mund t\u00eb jet\u00eb dhe <em>\u201c% e \u00e7\u00ebshtjeve gjyq\u00ebsore p\u00ebr t\u00eb cilat vendimet jan\u00eb publikuar n\u00eb faqen e web<\/em>, apo <em>\u201c% e rezultateve t\u00eb performanc\u00ebs s\u00eb gjykat\u00ebs q<\/em><em>\u00eb<\/em><em> gjendet e publikuar n\u00eb faqen e gjykat\u00ebs dhe KLGJ-s<\/em><em>\u00eb<\/em><em>\u201d.<\/em><\/p>\n<p>Pjesa tjet\u00ebr e Rezultatit \u00ebsht\u00eb e paqart\u00eb dhe t\u00eb pakt\u00ebn ashtu si\u00e7 \u00ebsht\u00eb formuluar nuk i p\u00ebrgjigjet Objektivit 2.4. Nuk del e qart\u00eb sesi komunikimi me institucionet e pavarura (ku nuk kuptohet kush jan\u00eb k\u00ebto institucione), partner\u00ebt e tij (term i paqart\u00eb dhe jo juridik), apo ILD (funksioni i t\u00eb cilit lidhet me llogaridh\u00ebnien) do t\u00eb ndikoj\u00eb n\u00eb eficienc\u00eb, efektivitet apo transparenc\u00eb t\u00eb gjyq\u00ebsorit.<\/p>\n<p>Gjithashtu, masat q\u00eb jan\u00eb n\u00eb zbatim t\u00eb Objektivit 2.4 dhe lidhen me k\u00ebt\u00eb Rezultat duket se i referohen rritjes s\u00eb bashk\u00ebpunimit institucional mes institucioneve t\u00eb qeverisjes s\u00eb gjyq\u00ebsorit, si dhe transparenc\u00ebs s\u00eb tyre me publikun, duke u fokusuar tek ILD. K\u00ebto masa m\u00eb tep\u00ebr ndikojn\u00eb n\u00eb konsolidimin dhe transparenc\u00ebn e institucioneve t\u00eb qeverisjes, parashikuar n\u00eb Objektivin 1.3 t\u00eb Politik\u00ebs 1 t\u00eb SND II.<\/p>\n<p><strong><em>Konkluzion<\/em><\/strong><em>: Rezultati 4.2.5 duhet t\u00eb rishikohet n\u00eb t\u00ebr\u00ebsin\u00eb e tij. S\u00eb pari, sugjerojm\u00eb t\u00eb riformulohet n\u00eb p\u00ebrputhje me Objektivin 2.4, duke u foksuar tek komunikimi i gjyq\u00ebsorit me publikun dhe duke shmangur pjes\u00ebt q\u00eb nuk i p\u00ebrgjigjen Objektivit 2.4. S\u00eb dyti, n\u00eb funksion t\u00eb k\u00ebtij sakt\u00ebsimi dhe p\u00ebr t\u2019a b\u00ebr\u00eb sa m\u00eb realist, duhet t\u00eb rishikohen edhe masat e vendosura q\u00eb do t\u00eb mund\u00ebsojn\u00eb arritjen e tij.<\/em><\/p>\n<p><a href=\"#_ftnref1\" name=\"_ftn1\">[1]<\/a>Shih Vendimin e KLGJ nr. 590, 26.11.2020 \u201cP\u00ebr miratimin e Planit Strategjik t\u00eb Komunikimit p\u00ebr sistemin Gjyq\u00ebsor\u201dhttp:\/\/klgj.al\/\u00ebp-content\/uploads\/2020\/12\/PLANI-STRATEGJIK-I-KOMUNIKIMIT-P%C3%8BR-SISTEMIN-GJYQ%C3%8BSOR.pdf[\/vc_column_text][\/vc_column][\/vc_row][vc_row][vc_column icons_position=&#8221;left&#8221;][vc_separator][\/vc_column][\/vc_row]<\/p>\n","protected":false},"excerpt":{"rendered":"<p>[vc_row][vc_column hide_bg_image_on_tablet=&#8221;&#8221; hide_bg_image_on_mobile=&#8221;&#8221; icons_position=&#8221;left&#8221; css=&#8221;.vc_custom_1509966252982{margin-top: -0.4rem !important;}&#8221;][vc_column_text] Rezultati 2.4.5 \u201cKrijimi i komunikimit dhe koordinimit efektiv t\u00eb jasht\u00ebm: p\u00ebrmir\u00ebsimi i marr\u00ebdh\u00ebnieve midis gjyq\u00ebsorit, partner\u00ebve t\u00eb tij, institucioneve t\u00eb pavarura, si ILD, dhe publikut duke zhvilluar dhe zbatuar nj\u00eb strategji komunikimi t\u00eb qart\u00eb\u201d. \u00a0 Ky rezultat n\u00ebnkupton q\u00eb n\u00eb funksion t\u00eb p\u00ebrmbushjes s\u00eb Objektivit Specifik 2.4 t\u00eb kemi\u00a0 komunikimin dhe koordinimin efektiv&hellip;<\/p>\n","protected":false},"author":1,"featured_media":0,"parent":3308,"menu_order":0,"comment_status":"closed","ping_status":"closed","template":"","meta":{"footnotes":""},"class_list":["post-3325","page","type-page","status-publish","hentry"],"_links":{"self":[{"href":"https:\/\/ipls.org\/projekte\/alleyesonjustice\/wp-json\/wp\/v2\/pages\/3325","targetHints":{"allow":["GET"]}}],"collection":[{"href":"https:\/\/ipls.org\/projekte\/alleyesonjustice\/wp-json\/wp\/v2\/pages"}],"about":[{"href":"https:\/\/ipls.org\/projekte\/alleyesonjustice\/wp-json\/wp\/v2\/types\/page"}],"author":[{"embeddable":true,"href":"https:\/\/ipls.org\/projekte\/alleyesonjustice\/wp-json\/wp\/v2\/users\/1"}],"replies":[{"embeddable":true,"href":"https:\/\/ipls.org\/projekte\/alleyesonjustice\/wp-json\/wp\/v2\/comments?post=3325"}],"version-history":[{"count":1,"href":"https:\/\/ipls.org\/projekte\/alleyesonjustice\/wp-json\/wp\/v2\/pages\/3325\/revisions"}],"predecessor-version":[{"id":3326,"href":"https:\/\/ipls.org\/projekte\/alleyesonjustice\/wp-json\/wp\/v2\/pages\/3325\/revisions\/3326"}],"up":[{"embeddable":true,"href":"https:\/\/ipls.org\/projekte\/alleyesonjustice\/wp-json\/wp\/v2\/pages\/3308"}],"wp:attachment":[{"href":"https:\/\/ipls.org\/projekte\/alleyesonjustice\/wp-json\/wp\/v2\/media?parent=3325"}],"curies":[{"name":"wp","href":"https:\/\/api.w.org\/{rel}","templated":true}]}}