{"id":3354,"date":"2022-02-25T17:00:50","date_gmt":"2022-02-25T17:00:50","guid":{"rendered":"http:\/\/ipls.org\/projekte\/alleyesonjustice\/?page_id=3354"},"modified":"2022-02-25T17:01:31","modified_gmt":"2022-02-25T17:01:31","slug":"masa-3-2-4","status":"publish","type":"page","link":"https:\/\/ipls.org\/projekte\/alleyesonjustice\/qellimi-i-politikes-3\/objektivi-specifik-3-2\/masa-3-2-4\/","title":{"rendered":"Masa 3.2.4"},"content":{"rendered":"<p>[vc_row][vc_column hide_bg_image_on_tablet=&#8221;&#8221; hide_bg_image_on_mobile=&#8221;&#8221; icons_position=&#8221;left&#8221; css=&#8221;.vc_custom_1509966252982{margin-top: -0.4rem !important;}&#8221;][vc_column_text]<\/p>\n<h2><a name=\"_Toc77083928\"><\/a><a name=\"_Toc77151005\"><\/a><strong>Masa 3.2.4 <\/strong><\/h2>\n<p><em>\u201c<\/em><em>Konsultimi i paket<\/em><em>\u00eb<\/em><em>s s<\/em><em>\u00eb<\/em><em> propozimeve me magjistrat<\/em><em>\u00eb<\/em><em>t\/prokuror<\/em><em>\u00eb<\/em><em>t\/avokat<\/em><em>\u00eb<\/em><em>t\/OJF (<\/em><em>w<\/em><em>orkshop)\/ hartimi i raporteve t<\/em><em>\u00eb<\/em><em> konsultimit\/finalizimi i paket<\/em><em>\u00eb<\/em><em>s dhe miratimi i ligjit organik t<\/em><em>\u00eb<\/em><em> PP<\/em><em>\u201d.<\/em><\/p>\n<p>Kjo mas\u00eb parashikon se Prokuroria e P\u00ebrgjithshme do t\u00eb nd\u00ebrrmar\u00eb nism\u00ebn p\u00ebr rishikimin e ligjit organik t\u00eb saj, dhe p\u00ebrpara miratimit, do t\u2019a kaloj\u00eb at\u00eb n\u00ebp\u00ebr nj\u00eb proces t\u00eb gjer\u00eb konsultimi me magjistrat\u00eb, avokat\u00eb dhe OJF, dhe do t\u00eb hartoj\u00eb raporte bazuar n\u00eb rekomandimet e dala nga procesi i konsultimit.<\/p>\n<p><strong><em>Konkluzion<\/em><\/strong><em>: Kjo mas<\/em><em>\u00eb<\/em><em> shihet e nevojshme dhe e r<\/em><em>\u00eb<\/em><em>nd<\/em><em>\u00eb<\/em><em>sishme p<\/em><em>\u00eb<\/em><em>r t\u2019u realizuar sipas afateve t<\/em><em>\u00eb<\/em><em> parashikuara n<\/em><em>\u00eb<\/em><em> SND II, viti 2021, p<\/em><em>\u00eb<\/em><em>r shkak se nevojitet nj<\/em><em>\u00eb<\/em><em> reflektim i t<\/em><em>\u00eb<\/em><em> gjitha institucioneve dhe aktor<\/em><em>\u00eb<\/em><em>ve t<\/em><em>\u00eb<\/em><em> p<\/em><em>\u00eb<\/em><em>rfshir<\/em><em>\u00eb<\/em><em> n<\/em><em>\u00eb<\/em><em> sistemin e prokuroris<\/em><em>\u00eb<\/em><em>, p<\/em><em>\u00eb<\/em><em>r t<\/em><em>\u00eb<\/em><em> analizuar n<\/em><em>\u00eb<\/em><em>se ndarja e kompetencave midis disa organeve (KLP, PP, SPAK, BKH) ka krijuar ndonj<\/em><em>\u00eb<\/em><em> v<\/em><em>\u00eb<\/em><em>shtir<\/em><em>\u00eb<\/em><em>si n<\/em><em>\u00eb<\/em><em> praktik<\/em><em>\u00eb<\/em><em>, apo mbivendosje q<\/em><em>\u00eb<\/em><em> pengon veprimin eficient t<\/em><em>\u00eb<\/em><em> k<\/em><em>\u00eb<\/em><em>tyre organeve. Lidhja q<\/em><em>\u00eb<\/em><em> ka ligji me t<\/em><em>\u00eb<\/em><em> qenurit efi<\/em><em>\u00e7<\/em><em>ent t<\/em><em>\u00eb<\/em><em> organit b<\/em><em>\u00eb<\/em><em>n q<\/em><em>\u00eb<\/em><em> kjo mas<\/em><em>\u00eb<\/em><em> t<\/em><em>\u00eb<\/em><em> jet<\/em><em>\u00eb<\/em><em> n<\/em><em>\u00eb<\/em><em> p<\/em><em>\u00eb<\/em><em>rputhje me objektivin.<\/em>[\/vc_column_text][\/vc_column][\/vc_row][vc_row][vc_column icons_position=&#8221;left&#8221;][vc_separator][\/vc_column][\/vc_row]<\/p>\n","protected":false},"excerpt":{"rendered":"<p>[vc_row][vc_column hide_bg_image_on_tablet=&#8221;&#8221; hide_bg_image_on_mobile=&#8221;&#8221; icons_position=&#8221;left&#8221; css=&#8221;.vc_custom_1509966252982{margin-top: -0.4rem !important;}&#8221;][vc_column_text] Masa 3.2.4 \u201cKonsultimi i paket\u00ebs s\u00eb propozimeve me magjistrat\u00ebt\/prokuror\u00ebt\/avokat\u00ebt\/OJF (workshop)\/ hartimi i raporteve t\u00eb konsultimit\/finalizimi i paket\u00ebs dhe miratimi i ligjit organik t\u00eb PP\u201d. Kjo mas\u00eb parashikon se Prokuroria e P\u00ebrgjithshme do t\u00eb nd\u00ebrrmar\u00eb nism\u00ebn p\u00ebr rishikimin e ligjit organik t\u00eb saj, dhe p\u00ebrpara miratimit, do t\u2019a kaloj\u00eb at\u00eb n\u00ebp\u00ebr nj\u00eb proces t\u00eb&hellip;<\/p>\n","protected":false},"author":1,"featured_media":0,"parent":3346,"menu_order":0,"comment_status":"closed","ping_status":"closed","template":"","meta":{"footnotes":""},"class_list":["post-3354","page","type-page","status-publish","hentry"],"_links":{"self":[{"href":"https:\/\/ipls.org\/projekte\/alleyesonjustice\/wp-json\/wp\/v2\/pages\/3354","targetHints":{"allow":["GET"]}}],"collection":[{"href":"https:\/\/ipls.org\/projekte\/alleyesonjustice\/wp-json\/wp\/v2\/pages"}],"about":[{"href":"https:\/\/ipls.org\/projekte\/alleyesonjustice\/wp-json\/wp\/v2\/types\/page"}],"author":[{"embeddable":true,"href":"https:\/\/ipls.org\/projekte\/alleyesonjustice\/wp-json\/wp\/v2\/users\/1"}],"replies":[{"embeddable":true,"href":"https:\/\/ipls.org\/projekte\/alleyesonjustice\/wp-json\/wp\/v2\/comments?post=3354"}],"version-history":[{"count":1,"href":"https:\/\/ipls.org\/projekte\/alleyesonjustice\/wp-json\/wp\/v2\/pages\/3354\/revisions"}],"predecessor-version":[{"id":3355,"href":"https:\/\/ipls.org\/projekte\/alleyesonjustice\/wp-json\/wp\/v2\/pages\/3354\/revisions\/3355"}],"up":[{"embeddable":true,"href":"https:\/\/ipls.org\/projekte\/alleyesonjustice\/wp-json\/wp\/v2\/pages\/3346"}],"wp:attachment":[{"href":"https:\/\/ipls.org\/projekte\/alleyesonjustice\/wp-json\/wp\/v2\/media?parent=3354"}],"curies":[{"name":"wp","href":"https:\/\/api.w.org\/{rel}","templated":true}]}}