{"id":3371,"date":"2022-02-25T17:12:04","date_gmt":"2022-02-25T17:12:04","guid":{"rendered":"http:\/\/ipls.org\/projekte\/alleyesonjustice\/?page_id=3371"},"modified":"2022-02-25T17:12:04","modified_gmt":"2022-02-25T17:12:04","slug":"masa-3-2-11","status":"publish","type":"page","link":"https:\/\/ipls.org\/projekte\/alleyesonjustice\/qellimi-i-politikes-3\/objektivi-specifik-3-2\/masa-3-2-11\/","title":{"rendered":"Masa 3.2.11"},"content":{"rendered":"<p>[vc_row][vc_column hide_bg_image_on_tablet=&#8221;&#8221; hide_bg_image_on_mobile=&#8221;&#8221; icons_position=&#8221;left&#8221; css=&#8221;.vc_custom_1509966252982{margin-top: -0.4rem !important;}&#8221;][vc_column_text]<\/p>\n<h2><a name=\"_Toc77083928\"><\/a><a name=\"_Toc77151005\"><\/a><strong>Masa 3.2.11<\/strong><\/h2>\n<p><em>\u201c<\/em><em>Konsolidimi i burimeve njer<\/em><em>\u00eb<\/em><em>zore p<\/em><em>\u00eb<\/em><em>r funksionimin e plot<\/em><em>\u00eb<\/em><em> t<\/em><em>\u00eb<\/em><em> SPAK (5 + kapacitete administrative)<\/em><em>\u201d.<\/em><\/p>\n<p>U p\u00ebrmend edhe m\u00eb sip\u00ebr gjat\u00eb analiz\u00ebs q\u00eb konsolidimi i burimeve njer\u00ebzore t\u00eb SPAK \u00ebsht\u00eb nd\u00ebr komponent\u00ebt kryesor\u00eb baz\u00eb t\u00eb zhvillimit t\u00eb aktivitetit t\u00eb tij dhe thelb\u00ebsor n\u00eb suksesin e veprimtaris\u00eb s\u00eb tij. Konsolidimi i burimeve njer\u00ebzore p\u00ebr nj\u00eb institucion t\u00eb ri si SPAK dhe, cfar\u00eb\u00ebsht\u00eb m\u00eb e r\u00ebnd\u00ebsishme, p\u00ebr nj\u00eb nd\u00ebr institucionet ky\u00e7 t\u00eb reform\u00ebs n\u00eb sistemin e drejt\u00ebsis\u00eb, e b\u00ebn k\u00ebt\u00eb mas\u00eb t\u00eb jet\u00eb emergjente n\u00eb zbatimin e saj.<\/p>\n<p>Edhe pse p\u00ebr k\u00ebt\u00eb mas\u00eb\u00ebsht\u00eb vendosur SPAK si institucioni p\u00ebrgjegj\u00ebs p\u00ebr zbatimin e saj, ligji parashikon se procesi i rekrutimit t\u00eb an\u00ebtar\u00ebve t\u00eb SPAK \u00ebsht\u00eb p\u00ebrgjegj\u00ebsi e KLP-s\u00eb. SPAK nga ana tjet\u00ebr \u00ebsht\u00eb t\u00ebr\u00ebsisht kompetent p\u00ebr kapacitetet administrative, procesin e planifikimit dhe buxhetin.<\/p>\n<p><strong><em>Konkluzion<\/em><\/strong><em>: Kjo <\/em><em>\u00eb<\/em><em>sht<\/em><em>\u00eb<\/em><em> nj<\/em><em>\u00eb<\/em><em> mas<\/em><em>\u00eb<\/em><em> relevante dhe n<\/em><em>\u00eb<\/em><em> p<\/em><em>\u00eb<\/em><em>rputhje me Rezultatin dhe Objektivin 3.2 por duhet t<\/em><em>\u00eb<\/em><em> parashikoj<\/em><em>\u00eb<\/em><em> si organ zbatues t<\/em><em>\u00eb<\/em><em> saj edhe KLP-n<\/em><em>\u00eb<\/em>.[\/vc_column_text][\/vc_column][\/vc_row][vc_row][vc_column icons_position=&#8221;left&#8221;][vc_separator][\/vc_column][\/vc_row]<\/p>\n","protected":false},"excerpt":{"rendered":"<p>[vc_row][vc_column hide_bg_image_on_tablet=&#8221;&#8221; hide_bg_image_on_mobile=&#8221;&#8221; icons_position=&#8221;left&#8221; css=&#8221;.vc_custom_1509966252982{margin-top: -0.4rem !important;}&#8221;][vc_column_text] Masa 3.2.11 \u201cKonsolidimi i burimeve njer\u00ebzore p\u00ebr funksionimin e plot\u00eb t\u00eb SPAK (5 + kapacitete administrative)\u201d. U p\u00ebrmend edhe m\u00eb sip\u00ebr gjat\u00eb analiz\u00ebs q\u00eb konsolidimi i burimeve njer\u00ebzore t\u00eb SPAK \u00ebsht\u00eb nd\u00ebr komponent\u00ebt kryesor\u00eb baz\u00eb t\u00eb zhvillimit t\u00eb aktivitetit t\u00eb tij dhe thelb\u00ebsor n\u00eb suksesin e veprimtaris\u00eb s\u00eb tij. Konsolidimi i burimeve njer\u00ebzore&hellip;<\/p>\n","protected":false},"author":1,"featured_media":0,"parent":3346,"menu_order":0,"comment_status":"closed","ping_status":"closed","template":"","meta":{"footnotes":""},"class_list":["post-3371","page","type-page","status-publish","hentry"],"_links":{"self":[{"href":"https:\/\/ipls.org\/projekte\/alleyesonjustice\/wp-json\/wp\/v2\/pages\/3371","targetHints":{"allow":["GET"]}}],"collection":[{"href":"https:\/\/ipls.org\/projekte\/alleyesonjustice\/wp-json\/wp\/v2\/pages"}],"about":[{"href":"https:\/\/ipls.org\/projekte\/alleyesonjustice\/wp-json\/wp\/v2\/types\/page"}],"author":[{"embeddable":true,"href":"https:\/\/ipls.org\/projekte\/alleyesonjustice\/wp-json\/wp\/v2\/users\/1"}],"replies":[{"embeddable":true,"href":"https:\/\/ipls.org\/projekte\/alleyesonjustice\/wp-json\/wp\/v2\/comments?post=3371"}],"version-history":[{"count":1,"href":"https:\/\/ipls.org\/projekte\/alleyesonjustice\/wp-json\/wp\/v2\/pages\/3371\/revisions"}],"predecessor-version":[{"id":3372,"href":"https:\/\/ipls.org\/projekte\/alleyesonjustice\/wp-json\/wp\/v2\/pages\/3371\/revisions\/3372"}],"up":[{"embeddable":true,"href":"https:\/\/ipls.org\/projekte\/alleyesonjustice\/wp-json\/wp\/v2\/pages\/3346"}],"wp:attachment":[{"href":"https:\/\/ipls.org\/projekte\/alleyesonjustice\/wp-json\/wp\/v2\/media?parent=3371"}],"curies":[{"name":"wp","href":"https:\/\/api.w.org\/{rel}","templated":true}]}}