{"id":3384,"date":"2022-02-25T17:17:55","date_gmt":"2022-02-25T17:17:55","guid":{"rendered":"http:\/\/ipls.org\/projekte\/alleyesonjustice\/?page_id=3384"},"modified":"2022-02-25T17:17:55","modified_gmt":"2022-02-25T17:17:55","slug":"masa-3-2-15","status":"publish","type":"page","link":"https:\/\/ipls.org\/projekte\/alleyesonjustice\/qellimi-i-politikes-3\/objektivi-specifik-3-2\/masa-3-2-15\/","title":{"rendered":"Masa 3.2.15"},"content":{"rendered":"<p>[vc_row][vc_column hide_bg_image_on_tablet=&#8221;&#8221; hide_bg_image_on_mobile=&#8221;&#8221; icons_position=&#8221;left&#8221; css=&#8221;.vc_custom_1509966252982{margin-top: -0.4rem !important;}&#8221;][vc_column_text]<\/p>\n<h2><a name=\"_Toc77083928\"><\/a><a name=\"_Toc77151005\"><\/a><strong>Masa 3.2.15<\/strong><\/h2>\n<p><em>\u201c<\/em><em>Trajnimi i kapaciteteve institucionale t<\/em><em>\u00eb<\/em><em> BKH (trajnime\/seminare)<\/em><em>\u201d<\/em>.<\/p>\n<p>Kjo mas\u00eb parashikon se BKH duhet t\u00eb realizoj\u00eb procesin e trajnimit (nj\u00eb regjim rigoroz trajnimi dhe arsimimi, me nj\u00eb s\u00ebr\u00eb modulesh vler\u00ebsimi) p\u00ebr administrat\u00ebn e saj. Kandidate\u0308t pe\u0308r drejtor, hetues dhe oficer\u00eb prane\u0308 Byrose\u0308 Kombe\u0308tare te\u0308 Hetimit, pe\u0308rpara eme\u0308rimit, duhet te\u0308 kene\u0308 pe\u0308rfunduar programin e nevojshe\u0308m te\u0308 trajnimit dhe te\u0308 kene\u0308 shfaqur afte\u0308site\u0308, qe\u0308 garantojne\u0308 kryerjen e detyrave sipas standardeve te\u0308 ke\u0308rkuara profesionale.<\/p>\n<p>Masa duhet t\u00eb kishte parashikuar si institucion bashk\u00ebpunues edhe SPAK, pasi kursi i trajnimit dhe arsimimit, standardet profesionale dhe sistemet e vlere\u0308simit te\u0308 Byrose\u0308 Kombe\u0308tare te\u0308 Hetimit miratohen nga Drejtori i BKH-s\u00eb, me pe\u0308lqimin e Drejtuesit te\u0308 Prokurorise\u0308 se\u0308 Posac\u0327me.<\/p>\n<p><strong><em>Konkluzion<\/em><\/strong><em>: Trajnimi i BKH-s<\/em><em>\u00eb\u00eb<\/em><em>sht<\/em><em>\u00eb<\/em><em> nj<\/em><em>\u00eb<\/em><em> mas<\/em><em>\u00eb<\/em><em> relevante dhe e nevojshme p<\/em><em>\u00eb<\/em><em>r t&#8217;u realizuar sa m<\/em><em>\u00eb<\/em><em> par<\/em><em>\u00eb<\/em><em>. BKH <\/em><em>\u00eb<\/em><em>sht<\/em><em>\u00eb<\/em><em> nj<\/em><em>\u00eb<\/em><em> struktur<\/em><em>\u00eb<\/em><em> e specializuar dhe k<\/em><em>\u00eb<\/em><em>rkon njohuri t<\/em><em>\u00eb<\/em><em> thelluara e t<\/em><em>\u00eb<\/em><em> avancuara p<\/em><em>\u00eb<\/em><em>r t<\/em><em>\u00eb<\/em><em> p<\/em><em>\u00eb<\/em><em>rmbushur misionin e saj. Programet e trajnimit garantojn<\/em><em>\u00eb<\/em><em> rritje profesionale dhe azhornim me mjetet m<\/em><em>\u00eb<\/em><em> t<\/em><em>\u00eb<\/em><em> reja t<\/em><em>\u00eb<\/em><em> hetimit.<\/em>[\/vc_column_text][\/vc_column][\/vc_row][vc_row][vc_column icons_position=&#8221;left&#8221;][vc_separator][\/vc_column][\/vc_row]<\/p>\n","protected":false},"excerpt":{"rendered":"<p>[vc_row][vc_column hide_bg_image_on_tablet=&#8221;&#8221; hide_bg_image_on_mobile=&#8221;&#8221; icons_position=&#8221;left&#8221; css=&#8221;.vc_custom_1509966252982{margin-top: -0.4rem !important;}&#8221;][vc_column_text] Masa 3.2.15 \u201cTrajnimi i kapaciteteve institucionale t\u00eb BKH (trajnime\/seminare)\u201d. Kjo mas\u00eb parashikon se BKH duhet t\u00eb realizoj\u00eb procesin e trajnimit (nj\u00eb regjim rigoroz trajnimi dhe arsimimi, me nj\u00eb s\u00ebr\u00eb modulesh vler\u00ebsimi) p\u00ebr administrat\u00ebn e saj. Kandidate\u0308t pe\u0308r drejtor, hetues dhe oficer\u00eb prane\u0308 Byrose\u0308 Kombe\u0308tare te\u0308 Hetimit, pe\u0308rpara eme\u0308rimit, duhet te\u0308 kene\u0308 pe\u0308rfunduar programin&hellip;<\/p>\n","protected":false},"author":1,"featured_media":0,"parent":3346,"menu_order":0,"comment_status":"closed","ping_status":"closed","template":"","meta":{"footnotes":""},"class_list":["post-3384","page","type-page","status-publish","hentry"],"_links":{"self":[{"href":"https:\/\/ipls.org\/projekte\/alleyesonjustice\/wp-json\/wp\/v2\/pages\/3384","targetHints":{"allow":["GET"]}}],"collection":[{"href":"https:\/\/ipls.org\/projekte\/alleyesonjustice\/wp-json\/wp\/v2\/pages"}],"about":[{"href":"https:\/\/ipls.org\/projekte\/alleyesonjustice\/wp-json\/wp\/v2\/types\/page"}],"author":[{"embeddable":true,"href":"https:\/\/ipls.org\/projekte\/alleyesonjustice\/wp-json\/wp\/v2\/users\/1"}],"replies":[{"embeddable":true,"href":"https:\/\/ipls.org\/projekte\/alleyesonjustice\/wp-json\/wp\/v2\/comments?post=3384"}],"version-history":[{"count":1,"href":"https:\/\/ipls.org\/projekte\/alleyesonjustice\/wp-json\/wp\/v2\/pages\/3384\/revisions"}],"predecessor-version":[{"id":3385,"href":"https:\/\/ipls.org\/projekte\/alleyesonjustice\/wp-json\/wp\/v2\/pages\/3384\/revisions\/3385"}],"up":[{"embeddable":true,"href":"https:\/\/ipls.org\/projekte\/alleyesonjustice\/wp-json\/wp\/v2\/pages\/3346"}],"wp:attachment":[{"href":"https:\/\/ipls.org\/projekte\/alleyesonjustice\/wp-json\/wp\/v2\/media?parent=3384"}],"curies":[{"name":"wp","href":"https:\/\/api.w.org\/{rel}","templated":true}]}}