{"id":3396,"date":"2022-02-25T17:30:19","date_gmt":"2022-02-25T17:30:19","guid":{"rendered":"http:\/\/ipls.org\/projekte\/alleyesonjustice\/?page_id=3396"},"modified":"2022-02-25T17:30:19","modified_gmt":"2022-02-25T17:30:19","slug":"masa-4-1-2","status":"publish","type":"page","link":"https:\/\/ipls.org\/projekte\/alleyesonjustice\/qellimi-i-politikes-4\/objektivi-specifik-4-1\/masa-4-1-2\/","title":{"rendered":"Masa 4.1.2"},"content":{"rendered":"<p>[vc_row][vc_column hide_bg_image_on_tablet=&#8221;&#8221; hide_bg_image_on_mobile=&#8221;&#8221; icons_position=&#8221;left&#8221; css=&#8221;.vc_custom_1509966252982{margin-top: -0.4rem !important;}&#8221;][vc_column_text]<\/p>\n<h2><a name=\"_Toc77083928\"><\/a><a name=\"_Toc77151005\"><\/a><strong>Masa 4.1.2<\/strong><\/h2>\n<p><em>\u201c<\/em><em>Ngritja dhe zbatimi i programit t\u00eb sistemit t\u00eb menaxhimit t\u00eb \u00e7\u00ebshtjeve n\u00eb gjykata\/PP\/KLGJ\/KLP\/ILD<\/em><\/p>\n<p>P\u00ebr t\u00eb pasur nj\u00eb sistem t\u00eb p\u00ebrdit\u00ebsuar dhe funksional t\u00eb menaxhimit t\u00eb \u00e7\u00ebshtjeve duhet projektimi dhe zbatimi n\u00eb praktik\u00eb i programit p\u00ebrkat\u00ebs t\u00eb menaxhimit t\u00eb \u00e7\u00ebshtjeve n\u00eb gjykata, prokurori, K\u00ebshilla dhe ILD. Ngritja e sistemit t\u00eb menaxhimit sh\u00ebrben edhe si premis\u00eb p\u00ebr nj\u00eb sistem t\u00eb integruar. N\u00eb k\u00ebt\u00eb aspekt masa \u00ebsht\u00eb n\u00eb p\u00ebrputhje me Objektivin Specifik 4.1 dhe Rezultatin 4.1.1.<\/p>\n<p>Duke qen\u00eb se sistemet ekzistuese t\u00eb gjykatave dhe prokurorive konsiderohen \u2018t\u00eb vjet\u00ebruara\u2018, lindi\u00a0 i nevojsh\u00ebm dizenjimi i nj\u00eb programi t\u00ebr\u00ebsisht t\u00eb ri. M\u00eb tej, ky program nevojitet t\u00eb zhvillohet dhe zbatohet n\u00eb praktik\u00eb nga gjykatat\/prokurorit\u00eb, si dhe institucionet e qeverisjes s\u00eb sistemit (K\u00ebshillat, ILD). Programi duhet t\u00eb jet\u00eb n\u00eb gjendje t\u00eb prodhoj\u00eb t\u00eb dh\u00ebna q\u00eb mund t\u00eb p\u00ebrpunohen dhe p\u00ebrdoren p\u00ebr nevoja t\u00eb sistemit t\u00eb drejt\u00ebsis\u00eb. Nj\u00eb mas\u00eb e ngjashme ka qen\u00eb parashikuar n\u00eb Planin Strategjik t\u00eb KLGJ 2018-2020. Masa 5.4 parashikonte: \u201c<em>Rritja e transparenc\u00ebs p\u00ebr t\u00eb gjith\u00eb sistemin gjyq\u00ebsor n\u00ebp\u00ebrmjet publikimit n\u00eb koh\u00eb t\u00eb vendimeve t\u00eb gjykatave n\u00eb faqen e internetit t\u00eb KLGJ-s\u201d\u00eb.<\/em><\/p>\n<p>N\u00eb k\u00ebt\u00eb aspekt, masa \u00ebsht\u00eb e nevojshme. Sugjerojm\u00eb vet\u00ebm koordinimin me KLGJ mbi faz\u00ebn n\u00eb t\u00eb cil\u00ebn \u00ebsht\u00eb puna me ngritjen e sistemit, me q\u00ebllim q\u00eb ajo t\u00eb jet\u00eb koherente me faz\u00ebn aktuale t\u00eb pun\u00ebs n\u00eb k\u00ebt\u00eb drejtim dhe prioritetet e KLGJ.<\/p>\n<p><strong><em>Konkluzion<\/em><\/strong><em>: Masa \u00ebsht\u00eb e formuluar qart\u00eb dhe nuk krijon konfondim me rezultatin dhe \u00ebsht\u00eb n\u00eb harmoni me objektivin strategjik. Sugjerojm\u00eb koordinim me KLGJ p\u00ebr t\u00eb sqaruar faz\u00ebn n\u00eb t\u00eb cil\u00ebn \u00ebsht\u00eb puna mbi projektimin\/ngritjen e programit.<\/em>[\/vc_column_text][\/vc_column][\/vc_row][vc_row][vc_column icons_position=&#8221;left&#8221;][vc_separator][\/vc_column][\/vc_row]<\/p>\n","protected":false},"excerpt":{"rendered":"<p>[vc_row][vc_column hide_bg_image_on_tablet=&#8221;&#8221; hide_bg_image_on_mobile=&#8221;&#8221; icons_position=&#8221;left&#8221; css=&#8221;.vc_custom_1509966252982{margin-top: -0.4rem !important;}&#8221;][vc_column_text] Masa 4.1.2 \u201cNgritja dhe zbatimi i programit t\u00eb sistemit t\u00eb menaxhimit t\u00eb \u00e7\u00ebshtjeve n\u00eb gjykata\/PP\/KLGJ\/KLP\/ILD P\u00ebr t\u00eb pasur nj\u00eb sistem t\u00eb p\u00ebrdit\u00ebsuar dhe funksional t\u00eb menaxhimit t\u00eb \u00e7\u00ebshtjeve duhet projektimi dhe zbatimi n\u00eb praktik\u00eb i programit p\u00ebrkat\u00ebs t\u00eb menaxhimit t\u00eb \u00e7\u00ebshtjeve n\u00eb gjykata, prokurori, K\u00ebshilla dhe ILD. Ngritja e sistemit t\u00eb menaxhimit sh\u00ebrben&hellip;<\/p>\n","protected":false},"author":1,"featured_media":0,"parent":3390,"menu_order":0,"comment_status":"closed","ping_status":"closed","template":"","meta":{"footnotes":""},"class_list":["post-3396","page","type-page","status-publish","hentry"],"_links":{"self":[{"href":"https:\/\/ipls.org\/projekte\/alleyesonjustice\/wp-json\/wp\/v2\/pages\/3396","targetHints":{"allow":["GET"]}}],"collection":[{"href":"https:\/\/ipls.org\/projekte\/alleyesonjustice\/wp-json\/wp\/v2\/pages"}],"about":[{"href":"https:\/\/ipls.org\/projekte\/alleyesonjustice\/wp-json\/wp\/v2\/types\/page"}],"author":[{"embeddable":true,"href":"https:\/\/ipls.org\/projekte\/alleyesonjustice\/wp-json\/wp\/v2\/users\/1"}],"replies":[{"embeddable":true,"href":"https:\/\/ipls.org\/projekte\/alleyesonjustice\/wp-json\/wp\/v2\/comments?post=3396"}],"version-history":[{"count":1,"href":"https:\/\/ipls.org\/projekte\/alleyesonjustice\/wp-json\/wp\/v2\/pages\/3396\/revisions"}],"predecessor-version":[{"id":3397,"href":"https:\/\/ipls.org\/projekte\/alleyesonjustice\/wp-json\/wp\/v2\/pages\/3396\/revisions\/3397"}],"up":[{"embeddable":true,"href":"https:\/\/ipls.org\/projekte\/alleyesonjustice\/wp-json\/wp\/v2\/pages\/3390"}],"wp:attachment":[{"href":"https:\/\/ipls.org\/projekte\/alleyesonjustice\/wp-json\/wp\/v2\/media?parent=3396"}],"curies":[{"name":"wp","href":"https:\/\/api.w.org\/{rel}","templated":true}]}}