{"id":3408,"date":"2022-02-25T17:37:53","date_gmt":"2022-02-25T17:37:53","guid":{"rendered":"http:\/\/ipls.org\/projekte\/alleyesonjustice\/?page_id=3408"},"modified":"2022-02-25T17:37:53","modified_gmt":"2022-02-25T17:37:53","slug":"masa-4-1-1","status":"publish","type":"page","link":"https:\/\/ipls.org\/projekte\/alleyesonjustice\/qellimi-i-politikes-4\/objektivi-specifik-4-1\/masa-4-1-1\/","title":{"rendered":"Masa 4.1.1"},"content":{"rendered":"<p>[vc_row][vc_column hide_bg_image_on_tablet=&#8221;&#8221; hide_bg_image_on_mobile=&#8221;&#8221; icons_position=&#8221;left&#8221; css=&#8221;.vc_custom_1509966252982{margin-top: -0.4rem !important;}&#8221;][vc_column_text]<\/p>\n<h2><a name=\"_Toc77083928\"><\/a><a name=\"_Toc77151005\"><\/a><strong>Masa 4.1.1<\/strong><\/h2>\n<p><em>\u201cDizenjimi dhe ngritja e programit t\u00eb digjitalizimit t\u00eb institucioneve t\u00eb drejt\u00ebsis\u00eb\u201d.<\/em><\/p>\n<p>Masa e par\u00eb e renditur n\u00eb kuad\u00ebr t\u00eb Objektivit 4.1 \u00ebsht\u00eb dizenjimi dhe ngritja e nj\u00eb programi t\u00eb digjitalizimit t\u00eb institucioneve t\u00eb drejt\u00ebsis\u00eb. Kjo mas\u00eb\u00ebsht\u00eb e p\u00ebrgjithshme dhe lidhet me digjitalizimin e gjith\u00eb institucioneve t\u00eb drejt\u00ebsis\u00eb. Kjo mas\u00eb\u00ebsht\u00eb parakusht p\u00ebr ngritjen e baz\u00ebs s\u00eb t\u00eb dh\u00ebnave dhe pasjen e nj\u00eb sistemi funksional dhe t\u00eb integruar t\u00eb drejt\u00ebsis\u00eb elektronike. P\u00ebr k\u00ebt\u00eb arsye masa \u00ebsht\u00eb n\u00eb p\u00ebrputhje me Rezultatin 4.1.2 dhe Objektivin Specifik 4.1. N\u00eb funksion t\u00eb qart\u00ebsimit sugjerojm\u00eb t\u00eb specifikohet se kujt i referohen \u2018institucionet e drejt\u00ebsis\u00eb\u2019, t\u00eb cilat p\u00ebrfshijn\u00eb nj\u00eb s\u00ebr\u00eb organesh.<\/p>\n<p>Duke qen\u00eb se projektimi dhe ngritja jan\u00eb procese q\u00eb marrin koh\u00eb (nisur edhe nga kompleksiteti i nj\u00eb sistemi t\u00eb ri q\u00eb do t\u00eb ngrihet p\u00ebr her\u00eb t\u00eb par\u00eb), vler\u00ebsohet se koh\u00ebzgjatja e k\u00ebsaj mase duhet t\u00eb jet\u00eb n\u00eb p\u00ebrpjestim t\u00eb drejt\u00eb me masat e tjera vijuese, si dhe ato t\u00eb parashikuara nga vet\u00eb institucionet e drejt\u00ebsis\u00eb, apo AKSHI, i cili \u00ebsht\u00eb p\u00ebrfshir\u00eb si nj\u00eb nd\u00ebr institucionet pjes\u00ebmarr\u00ebse n\u00eb realizimin e Objektivit 4.1. Masa \u00ebsht\u00eb aktuale, por mbetet e paqart\u00eb sa \u00ebsht\u00eb koha e nevojshme p\u00ebr dizenjimin dhe ngritjen e programit, si dhe autoriteti p\u00ebrgjegj\u00ebs.<\/p>\n<p><strong><em>Konkluzion<\/em><\/strong><em>: Kjo mas\u00eb\u00ebsht\u00eb n\u00eb p\u00ebrputhje me rezultatin 4.1.2 dhe\u00a0 Objektivin 4.1 dhe vler\u00ebsohet realiste dhe e domosdoshme. Sugjerojm\u00eb t\u00eb specifikohen institucionet e drejt\u00ebsis\u00eb t\u00eb cilave u referohet masa dhe tek t\u00eb cilat do t\u00eb gjej\u00eb shtrirje digjitalizimi, si dhe koha e nevojshme dhe autoriteti p\u00ebrgjegj\u00ebs p\u00ebr dizenjimin dhe ngritjen e programit.<\/em>[\/vc_column_text][\/vc_column][\/vc_row][vc_row][vc_column icons_position=&#8221;left&#8221;][vc_separator][\/vc_column][\/vc_row]<\/p>\n","protected":false},"excerpt":{"rendered":"<p>[vc_row][vc_column hide_bg_image_on_tablet=&#8221;&#8221; hide_bg_image_on_mobile=&#8221;&#8221; icons_position=&#8221;left&#8221; css=&#8221;.vc_custom_1509966252982{margin-top: -0.4rem !important;}&#8221;][vc_column_text] Masa 4.1.1 \u201cDizenjimi dhe ngritja e programit t\u00eb digjitalizimit t\u00eb institucioneve t\u00eb drejt\u00ebsis\u00eb\u201d. Masa e par\u00eb e renditur n\u00eb kuad\u00ebr t\u00eb Objektivit 4.1 \u00ebsht\u00eb dizenjimi dhe ngritja e nj\u00eb programi t\u00eb digjitalizimit t\u00eb institucioneve t\u00eb drejt\u00ebsis\u00eb. Kjo mas\u00eb\u00ebsht\u00eb e p\u00ebrgjithshme dhe lidhet me digjitalizimin e gjith\u00eb institucioneve t\u00eb drejt\u00ebsis\u00eb. Kjo mas\u00eb\u00ebsht\u00eb parakusht p\u00ebr&hellip;<\/p>\n","protected":false},"author":1,"featured_media":0,"parent":3390,"menu_order":0,"comment_status":"closed","ping_status":"closed","template":"","meta":{"footnotes":""},"class_list":["post-3408","page","type-page","status-publish","hentry"],"_links":{"self":[{"href":"https:\/\/ipls.org\/projekte\/alleyesonjustice\/wp-json\/wp\/v2\/pages\/3408","targetHints":{"allow":["GET"]}}],"collection":[{"href":"https:\/\/ipls.org\/projekte\/alleyesonjustice\/wp-json\/wp\/v2\/pages"}],"about":[{"href":"https:\/\/ipls.org\/projekte\/alleyesonjustice\/wp-json\/wp\/v2\/types\/page"}],"author":[{"embeddable":true,"href":"https:\/\/ipls.org\/projekte\/alleyesonjustice\/wp-json\/wp\/v2\/users\/1"}],"replies":[{"embeddable":true,"href":"https:\/\/ipls.org\/projekte\/alleyesonjustice\/wp-json\/wp\/v2\/comments?post=3408"}],"version-history":[{"count":1,"href":"https:\/\/ipls.org\/projekte\/alleyesonjustice\/wp-json\/wp\/v2\/pages\/3408\/revisions"}],"predecessor-version":[{"id":3409,"href":"https:\/\/ipls.org\/projekte\/alleyesonjustice\/wp-json\/wp\/v2\/pages\/3408\/revisions\/3409"}],"up":[{"embeddable":true,"href":"https:\/\/ipls.org\/projekte\/alleyesonjustice\/wp-json\/wp\/v2\/pages\/3390"}],"wp:attachment":[{"href":"https:\/\/ipls.org\/projekte\/alleyesonjustice\/wp-json\/wp\/v2\/media?parent=3408"}],"curies":[{"name":"wp","href":"https:\/\/api.w.org\/{rel}","templated":true}]}}