{"id":3430,"date":"2022-02-25T17:58:51","date_gmt":"2022-02-25T17:58:51","guid":{"rendered":"http:\/\/ipls.org\/projekte\/alleyesonjustice\/?page_id=3430"},"modified":"2022-02-25T17:58:51","modified_gmt":"2022-02-25T17:58:51","slug":"masa-4-4-8","status":"publish","type":"page","link":"https:\/\/ipls.org\/projekte\/alleyesonjustice\/qellimi-i-politikes-4\/objektivi-specifik-4-4\/masa-4-4-8\/","title":{"rendered":"Masa 4.4.8"},"content":{"rendered":"<p>[vc_row][vc_column hide_bg_image_on_tablet=&#8221;&#8221; hide_bg_image_on_mobile=&#8221;&#8221; icons_position=&#8221;left&#8221; css=&#8221;.vc_custom_1509966252982{margin-top: -0.4rem !important;}&#8221;][vc_column_text]<\/p>\n<h2><a name=\"_Toc77083928\"><\/a><a name=\"_Toc77151005\"><\/a><strong>Masa 4.4.8<\/strong><\/h2>\n<p><em>\u201cP\u00ebrgatitja e kapaciteteve t\u00eb MD-s\u00eb dhe t\u00eb institucioneve t\u00eb pavarura t\u00eb drejt\u00ebsis\u00eb (KLGJ,KLP, ILD, PP, SHM) p\u00ebr t\u00eb p\u00ebrgatitur dhe menaxhuar fondet IPA III\u201d.<\/em><\/p>\n<p>Masa \u00ebsht\u00eb e nevojshme p\u00ebr t\u2019u nd\u00ebrmarr\u00eb lidhen me p\u00ebrgatitjen e kapaciteteve t\u00eb MD KLGJ,KLP, ILD, PP, SHM p\u00ebr t\u00eb menaxhuar fonde t\u00eb IPA III. IPA III \u00ebsht\u00eb nj\u00eb mekaniz\u00ebm \/instrument i para-an\u00ebtar\u00ebsimit n\u00eb BE. Ky instrument ka ve\u00e7orit\u00eb e veta p\u00ebr t\u00eb cilat institucionet si ILD, KLGJ, KLP, PP dhe SHM duhet t\u00eb ken\u00eb njohurit\u00eb e duhura. P\u00ebr pasoj\u00eb masa \u00ebsht\u00eb aktuale. Dhe shihet si e nevojshme n\u00eb arritjen e Rezultatit 4.4.4. si dhe n\u00eb p\u00ebrmbushjen e \u00a0Objektivit 4.4.<\/p>\n<p><strong><em>Konkluzion<\/em><\/strong><em>: Kjo mas\u00eb \u00ebsht\u00eb n\u00eb harmoni me rezultatin 4.4.4. N\u00eb t\u00eb nj\u00ebjt\u00ebn koh\u00eb kjo \u00ebsht\u00eb nj\u00eb mas\u00eb realiste, pasi kapacitetet n\u00eb institucionet e sistemit t\u00eb drejt\u00ebsis\u00eb mund (dhe duhet) t\u00eb zhvillohen n\u00eb vitet e ardhshme. Ky \u00ebsht\u00eb nj\u00eb proces q\u00eb \u00ebsht\u00eb kryer edhe n\u00eb vende t\u00eb tjera p\u00ebrpara an\u00ebtar\u00ebsimit t\u00eb tyre n\u00eb BE (si Kroacia, etj.). Kapacitetet mund t\u00eb p\u00ebrgatiten n\u00ebp\u00ebrmjet trajnimeve t\u00eb dedikuara p\u00ebr k\u00ebt\u00eb \u00e7\u00ebshtje.<\/em>[\/vc_column_text][\/vc_column][\/vc_row][vc_row][vc_column icons_position=&#8221;left&#8221;][vc_separator][\/vc_column][\/vc_row]<\/p>\n","protected":false},"excerpt":{"rendered":"<p>[vc_row][vc_column hide_bg_image_on_tablet=&#8221;&#8221; hide_bg_image_on_mobile=&#8221;&#8221; icons_position=&#8221;left&#8221; css=&#8221;.vc_custom_1509966252982{margin-top: -0.4rem !important;}&#8221;][vc_column_text] Masa 4.4.8 \u201cP\u00ebrgatitja e kapaciteteve t\u00eb MD-s\u00eb dhe t\u00eb institucioneve t\u00eb pavarura t\u00eb drejt\u00ebsis\u00eb (KLGJ,KLP, ILD, PP, SHM) p\u00ebr t\u00eb p\u00ebrgatitur dhe menaxhuar fondet IPA III\u201d. Masa \u00ebsht\u00eb e nevojshme p\u00ebr t\u2019u nd\u00ebrmarr\u00eb lidhen me p\u00ebrgatitjen e kapaciteteve t\u00eb MD KLGJ,KLP, ILD, PP, SHM p\u00ebr t\u00eb menaxhuar fonde t\u00eb IPA III. IPA III&hellip;<\/p>\n","protected":false},"author":1,"featured_media":0,"parent":3420,"menu_order":0,"comment_status":"closed","ping_status":"closed","template":"","meta":{"footnotes":""},"class_list":["post-3430","page","type-page","status-publish","hentry"],"_links":{"self":[{"href":"https:\/\/ipls.org\/projekte\/alleyesonjustice\/wp-json\/wp\/v2\/pages\/3430","targetHints":{"allow":["GET"]}}],"collection":[{"href":"https:\/\/ipls.org\/projekte\/alleyesonjustice\/wp-json\/wp\/v2\/pages"}],"about":[{"href":"https:\/\/ipls.org\/projekte\/alleyesonjustice\/wp-json\/wp\/v2\/types\/page"}],"author":[{"embeddable":true,"href":"https:\/\/ipls.org\/projekte\/alleyesonjustice\/wp-json\/wp\/v2\/users\/1"}],"replies":[{"embeddable":true,"href":"https:\/\/ipls.org\/projekte\/alleyesonjustice\/wp-json\/wp\/v2\/comments?post=3430"}],"version-history":[{"count":1,"href":"https:\/\/ipls.org\/projekte\/alleyesonjustice\/wp-json\/wp\/v2\/pages\/3430\/revisions"}],"predecessor-version":[{"id":3431,"href":"https:\/\/ipls.org\/projekte\/alleyesonjustice\/wp-json\/wp\/v2\/pages\/3430\/revisions\/3431"}],"up":[{"embeddable":true,"href":"https:\/\/ipls.org\/projekte\/alleyesonjustice\/wp-json\/wp\/v2\/pages\/3420"}],"wp:attachment":[{"href":"https:\/\/ipls.org\/projekte\/alleyesonjustice\/wp-json\/wp\/v2\/media?parent=3430"}],"curies":[{"name":"wp","href":"https:\/\/api.w.org\/{rel}","templated":true}]}}