{"id":3444,"date":"2022-03-10T10:02:35","date_gmt":"2022-03-10T10:02:35","guid":{"rendered":"http:\/\/ipls.org\/projekte\/alleyesonjustice\/?page_id=3444"},"modified":"2022-03-10T10:07:59","modified_gmt":"2022-03-10T10:07:59","slug":"indikatoret-e-ild","status":"publish","type":"page","link":"https:\/\/ipls.org\/projekte\/alleyesonjustice\/matrica\/indikatoret-e-ild\/","title":{"rendered":"Indikatoret e ILD"},"content":{"rendered":"<p>[vc_row hide_bg_image_on_tablet=&#8221;&#8221; hide_bg_image_on_mobile=&#8221;&#8221; row_delimiter=&#8221;&#8221; row_hide_unfixed=&#8221;&#8221; hide_on_desktop=&#8221;&#8221; hide_on_notebook=&#8221;&#8221; hide_on_tablet=&#8221;&#8221; hide_on_mobile=&#8221;&#8221; hide_on_frontpage=&#8221;&#8221; hide_on_singular=&#8221;&#8221; hide_on_other=&#8221;&#8221;][vc_column icons_position=&#8221;left&#8221;][vc_column_text]<\/p>\n<h2><strong>INSPEKTORI I LART\u00cb I DREJTESISE<\/strong><\/h2>\n<p><strong>Indikator\u00ebt e rezultateve p\u00ebr ILD, propozuar nga ISPL, n\u00eb baz\u00eb t\u00eb SND 2021-2025<\/strong><br \/>\n<em>Projekti \u201c<strong>All Eyes on Justice &#8211; Monitoring the Justice Reform in Albania<\/strong>\u201d<\/em><br \/>\n<em>Financuar nga: <strong>Programi MATRA\/Ambasada e Mbret\u00ebris\u00eb s\u00eb Holand\u00ebs n\u00eb Shqip\u00ebri<\/strong><\/em><\/p>\n<p><strong>\u00a0<\/strong><\/p>\n<ol>\n<li>\n<h6><strong><em>\u201c% e buxhetit t\u00eb shtetit dedikuar organeve t\u00eb qeverisjes s\u00eb sistemit t\u00eb drejt\u00ebsis\u00eb (pjesa e ILD-se))<\/em><\/strong><strong>\u201d. (Indikator 3 i Pasaportes). <\/strong><\/h6>\n<\/li>\n<\/ol>\n<p>Burimi: Raporti vjetor i MFE-s\u00eb.<\/p>\n<p>Vlera Baz\u00eb n\u00eb 2020: 0.018 %.<\/p>\n<p>Vlera e synuar n\u00eb 2021: 0.08%<\/p>\n<p>&nbsp;<\/p>\n<ol start=\"2\">\n<li>\n<h6><strong><em>\u201cILD monitoron dhe vler\u00ebson ecurin\u00eb e planit strategjik institucional\u201d. (<\/em><\/strong><strong>Indikator i propozuar nga projekti bazuar n\u00eb objektivat dhe pritshm\u00ebrit\u00eb q\u00eb ILD i ka vendosur vetes). <\/strong><\/h6>\n<\/li>\n<\/ol>\n<p>Burimi: 1. Informacion i marr\u00eb nga ILD n\u00ebse ka pasur plan monitorimi dhe proces monitorimi; 2. Analiz\u00eb sintetike e dokumentave t\u00eb prodhuara nga ky proces monitorues (p\u00ebr shembull, a ka pasur raportime p\u00ebr cdo objektiv strategjik dhe a ka pasur rishikim t\u00eb objektivave dhe masave?). 3. Pjes\u00ebmarrje n\u00eb mbledhjet\/takimet e organizuara p\u00ebr k\u00ebt\u00eb q\u00ebllim (a ka pasur diskutim mbi arritjet\/sfidat?).<\/p>\n<p>Vlera baz\u00eb n\u00eb 2020<strong>: <\/strong>Do t\u00eb merren t\u00eb dh\u00ebnat nga ILD.<\/p>\n<p>Vlera e synuar ne 2021 dhe 2022: Do t\u00eb merren t\u00eb dh\u00ebnat nga ILD<\/p>\n<p>&nbsp;<\/p>\n<ol start=\"3\">\n<li>\n<h6><strong><em>\u201c% e ankesave t\u00eb qytetar\u00ebve p\u00ebr t\u00eb cilat ILD vendos fillimin e hetimeve\u201d. <\/em><\/strong><strong>(<\/strong><strong>Indikator i propozuar nga projekti)<\/strong><\/h6>\n<\/li>\n<\/ol>\n<p>Burimi: T\u00eb dh\u00ebnat zyrtare t\u00eb ILD mbi numrin e ankesave t\u00eb depozituara nga qytetar\u00ebt denoncues dhe numrit t\u00eb rasteve kur p\u00ebr k\u00ebto ankesa \u00ebsht\u00eb vendosur fillimi i hetimit dhe jo arkivimi i tyre.<\/p>\n<p>Vlera baz\u00eb n\u00eb 2021: Do t\u00eb merret nga ILD.<\/p>\n<p>Vlera e synuar n\u00eb 2022: Do t\u00eb merret nga ILD.<\/p>\n<p>&nbsp;<\/p>\n<ol start=\"4\">\n<li>\n<h6><em><strong>\u201c% e procedurave t\u00eb filluara disiplinore p\u00ebr ankesat kund\u00ebr gjyqtar\u00ebve ose prokuror\u00ebve.\u201d <\/strong><\/em><strong>(Indikatori 6 i Pasaportes).<\/strong><\/h6>\n<\/li>\n<\/ol>\n<p>Burimi: T\u00eb dh\u00ebnat zyrtare t\u00eb ILD mbi numrin e vendimeve t\u00eb ILD p\u00ebr fillimin e hetimit disiplinor dhe vendimeve t\u00eb ILD p\u00ebr t\u2019a d\u00ebrguar c\u00ebshtjen p\u00ebr shqyrtim t\u00eb K\u00ebshillave.<\/p>\n<p>Vlera Baz\u00eb n\u00eb 2020: 44%<\/p>\n<p>Vlera e synuar n\u00eb 2022: 100%<\/p>\n<p>&nbsp;<\/p>\n<ol start=\"5\">\n<li>\n<h6><em>\u201c<\/em><em>% e \u00e7\u00ebshtjeve t\u00eb p\u00ebrfunduara me vendim t\u00eb KLGj\/KLP, n\u00eb raport me k\u00ebrkesat e d\u00ebrguara nga ILD\u201d. <\/em>(Indikator i propozuar nga projekti).<\/h6>\n<\/li>\n<\/ol>\n<p>Burimi: T\u00eb dh\u00ebnat zyrtare t\u00eb ILD mbi numrin e ankesave t\u00eb depozituara pran\u00eb KLGj dhe KLP dhe t\u00eb dh\u00ebnat zyrtare mbi numrin e \u00e7\u00ebshtjeve t\u00eb p\u00ebrfunduara nga KLGj dhe KLP.<\/p>\n<p>Vlera baz\u00eb n\u00eb 2021: Do t\u00eb merret nga ILD.<\/p>\n<p>Vlera e synuar n\u00eb 2022: Do t\u00eb merret nga ILD.<\/p>\n<p>&nbsp;<\/p>\n<ol start=\"6\">\n<li>\n<h6>\u201c<em>Treguesi i zgjidhjes s\u00eb c\u00ebshtjeve t\u00eb prapambetura p\u00ebr disiplin\u00ebn e ankesave t\u00eb paraqitura n\u00eb ILD.\u201d <\/em>(Indikator 7 i Pasaportes).<\/h6>\n<\/li>\n<\/ol>\n<p>Burimi: T\u00eb dh\u00ebnat zyrtare t\u00eb ILD mbi numrin e zgjidhur t\u00eb ankesave t\u00eb prapambetura.<\/p>\n<p>Vlera baz\u00eb n\u00eb 2021: Do t\u00eb merret nga ILD.<\/p>\n<p>Vlera e synuar n\u00eb 2022: 1000 ankesa t\u00eb trajtuara.<\/p>\n<p>&nbsp;<\/p>\n<ol start=\"7\">\n<li>\n<h6><em>\u201c% e inspektor\u00ebve t\u00eb ILD q\u00eb jan\u00eb trajnuar mbi c\u00ebshtje q\u00eb lidhen me funksionet e tyre\u201d.<\/em> (Indikator i propozuar nga projekti).<\/h6>\n<\/li>\n<\/ol>\n<p>Burimi: T\u00eb dh\u00ebnat zyrtare t\u00eb ILD mbi numrin e trajnimeve t\u00eb ndjekura nga inspektor\u00ebt, magjistrat\u00eb dhe jomagjistrat\u00eb, pran\u00eb Shkoll\u00ebs s\u00eb Magjistratur\u00ebs.<\/p>\n<p>Vlersa baz\u00eb n\u00eb 2021: Do t\u00eb merret e dh\u00ebna nga ShM.<\/p>\n<p>Vlera e synuar n\u00eb 2022: Do t\u00eb merret e dh\u00ebna nga ILD\/SHM.<\/p>\n<p>&nbsp;<\/p>\n<ol start=\"8\">\n<li>\n<h6><em>\u201c% e k\u00ebrkesave t\u00eb p\u00ebrfshira n\u00eb PBA-n\u00eb e miratuar<\/em>\u201d. (Indikator i parashikuar n\u00eb Planin e Veprimit t\u00eb ILD 2020-2022, Objektivi Specifik 1.2).<\/h6>\n<\/li>\n<\/ol>\n<p>Burimi: T\u00eb dh\u00ebnat e marra nga Sekretari i P\u00ebrgjithsh\u00ebm dhe DESHM.<\/p>\n<p>Vlera baz\u00eb n\u00eb 2020: 1,159<\/p>\n<p>Vlera e synuar n\u00eb 2022: 2,293<\/p>\n<p>&nbsp;<\/p>\n<ol start=\"9\">\n<li>\n<h6>\u201c<em>Numri i raportimeve t\u00eb kryera nga ILD p\u00ebr institucionet e huaja dhe vendase<\/em>\u201d. (Indikator i parashikuar n\u00eb Planin e Veprimit t\u00eb ILD 2020-2022, Objektivi Strategjik 3).<\/h6>\n<\/li>\n<\/ol>\n<p>Burimi: T\u00eb dh\u00ebnat e marra nga DP\u00c7SHJ e ILD-s\u00eb.<\/p>\n<p>Vlera baz\u00eb n\u00eb 2020: Do t\u00eb merret nga ILD.<\/p>\n<p>Vlera e synuar n\u00eb 2021 dhe 2022: Do t\u00eb merret nga ILD.<\/p>\n<p>&nbsp;<\/p>\n<ol start=\"10\">\n<li>\n<h6>\u201c<em>Numri i dokumenteve t\u00eb publikuara<\/em>\u201d. (Indikator i parashikuar n\u00eb Planin e Veprimit t\u00eb ILD 2020-2022, Objektivi Specifik 4.2)<\/h6>\n<\/li>\n<\/ol>\n<p>Burimi: Informacion i marr\u00eb nga Sektori i TI-s\u00eb dhe DP\u00c7SHJ e ILD-s\u00eb.<\/p>\n<p>Vlera baz\u00eb n\u00eb 2020: Do t\u00eb merret nga ILD.<\/p>\n<p>Vlera e synuar n\u00eb 2021 dhe 2022: Do t\u00eb merret nga ILD.[\/vc_column_text][\/vc_column][\/vc_row][vc_row][vc_column icons_position=&#8221;left&#8221;][vc_separator][\/vc_column][\/vc_row]<\/p>\n","protected":false},"excerpt":{"rendered":"<p>[vc_row hide_bg_image_on_tablet=&#8221;&#8221; hide_bg_image_on_mobile=&#8221;&#8221; row_delimiter=&#8221;&#8221; row_hide_unfixed=&#8221;&#8221; hide_on_desktop=&#8221;&#8221; hide_on_notebook=&#8221;&#8221; hide_on_tablet=&#8221;&#8221; hide_on_mobile=&#8221;&#8221; hide_on_frontpage=&#8221;&#8221; hide_on_singular=&#8221;&#8221; hide_on_other=&#8221;&#8221;][vc_column icons_position=&#8221;left&#8221;][vc_column_text] INSPEKTORI I LART\u00cb I DREJTESISE Indikator\u00ebt e rezultateve p\u00ebr ILD, propozuar nga ISPL, n\u00eb baz\u00eb t\u00eb SND 2021-2025 Projekti \u201cAll Eyes on Justice &#8211; Monitoring the Justice Reform in Albania\u201d Financuar nga: Programi MATRA\/Ambasada e Mbret\u00ebris\u00eb s\u00eb Holand\u00ebs n\u00eb Shqip\u00ebri \u00a0 \u201c% e buxhetit t\u00eb shtetit dedikuar&hellip;<\/p>\n","protected":false},"author":1,"featured_media":0,"parent":3225,"menu_order":0,"comment_status":"closed","ping_status":"closed","template":"","meta":{"footnotes":""},"class_list":["post-3444","page","type-page","status-publish","hentry"],"_links":{"self":[{"href":"https:\/\/ipls.org\/projekte\/alleyesonjustice\/wp-json\/wp\/v2\/pages\/3444","targetHints":{"allow":["GET"]}}],"collection":[{"href":"https:\/\/ipls.org\/projekte\/alleyesonjustice\/wp-json\/wp\/v2\/pages"}],"about":[{"href":"https:\/\/ipls.org\/projekte\/alleyesonjustice\/wp-json\/wp\/v2\/types\/page"}],"author":[{"embeddable":true,"href":"https:\/\/ipls.org\/projekte\/alleyesonjustice\/wp-json\/wp\/v2\/users\/1"}],"replies":[{"embeddable":true,"href":"https:\/\/ipls.org\/projekte\/alleyesonjustice\/wp-json\/wp\/v2\/comments?post=3444"}],"version-history":[{"count":5,"href":"https:\/\/ipls.org\/projekte\/alleyesonjustice\/wp-json\/wp\/v2\/pages\/3444\/revisions"}],"predecessor-version":[{"id":3449,"href":"https:\/\/ipls.org\/projekte\/alleyesonjustice\/wp-json\/wp\/v2\/pages\/3444\/revisions\/3449"}],"up":[{"embeddable":true,"href":"https:\/\/ipls.org\/projekte\/alleyesonjustice\/wp-json\/wp\/v2\/pages\/3225"}],"wp:attachment":[{"href":"https:\/\/ipls.org\/projekte\/alleyesonjustice\/wp-json\/wp\/v2\/media?parent=3444"}],"curies":[{"name":"wp","href":"https:\/\/api.w.org\/{rel}","templated":true}]}}