{"id":3451,"date":"2022-03-10T10:14:15","date_gmt":"2022-03-10T10:14:15","guid":{"rendered":"http:\/\/ipls.org\/projekte\/alleyesonjustice\/?page_id=3451"},"modified":"2022-03-10T10:18:17","modified_gmt":"2022-03-10T10:18:17","slug":"indikatoret-e-klgj","status":"publish","type":"page","link":"https:\/\/ipls.org\/projekte\/alleyesonjustice\/matrica\/indikatoret-e-klgj\/","title":{"rendered":"Indikatoret e KLGJ"},"content":{"rendered":"<p>[vc_row hide_bg_image_on_tablet=&#8221;&#8221; hide_bg_image_on_mobile=&#8221;&#8221; row_delimiter=&#8221;&#8221; row_hide_unfixed=&#8221;&#8221; hide_on_desktop=&#8221;&#8221; hide_on_notebook=&#8221;&#8221; hide_on_tablet=&#8221;&#8221; hide_on_mobile=&#8221;&#8221; hide_on_frontpage=&#8221;&#8221; hide_on_singular=&#8221;&#8221; hide_on_other=&#8221;&#8221;][vc_column icons_position=&#8221;left&#8221;][vc_column_text]<\/p>\n<h2><strong>K\u00cbSHILLIN E LART\u00cb T\u00cb GJYQ\u00cbSORIT<\/strong><\/h2>\n<p><strong>Indikator\u00ebt e rezultateve p\u00ebr KLGJ, propozuar nga ISPL, n\u00eb baz\u00eb t\u00eb SND 2021-2025<\/strong><\/p>\n<p><em>Projekti \u201c<strong>All Eyes on Justice &#8211; Monitoring the Justice Reform in Albania<\/strong>\u201d<\/em><\/p>\n<p><em>Financuar nga: <strong>Programi MATRA\/Ambasada e Mbret\u00ebris\u00eb s\u00eb Holand\u00ebs n\u00eb Shqip\u00ebri<\/strong><\/em><\/p>\n<p><em>Zbatuar nga:\u00a0 <strong>Instituti p\u00ebr Studime Publike e Ligjore (ISPL<\/strong>)<\/em><\/p>\n<p>&nbsp;<\/p>\n<ol>\n<li>\n<h6><strong><em>\u201c% e buxhetit t\u00eb shtetit dedikuar organeve t\u00eb qeverisjes s\u00eb sistemit t\u00eb drejt\u00ebsis\u00eb (pjesa e KLGJ-se)<\/em><\/strong><strong>\u201d.<\/strong> (Indikator 3 i Pasaportes).<\/h6>\n<\/li>\n<\/ol>\n<p>Burimi: Raporti vjetor i MFE-s\u00eb.<\/p>\n<p>Vlera Baz\u00eb n\u00eb 2020: 0.086%<\/p>\n<p>Vlera e synuar n\u00eb 2021: 0.083%.<\/p>\n<p>Vlera e synuar n\u00eb 2022: 0.089%.<\/p>\n<p>&nbsp;<\/p>\n<ol start=\"2\">\n<li>\n<h6><strong><em>\u201c% e gjyqtar\u00ebve q\u00eb besojn\u00eb se gjyqtar\u00ebt jan\u00eb em\u00ebruar \/ ngritur n\u00eb detyr\u00eb bazuar n\u00eb meritokraci dhe sistemin e karrier\u00ebs\u201d. <\/em><\/strong>(Indikator i propozuar nga projekti).<\/h6>\n<\/li>\n<\/ol>\n<p>Burimi: Sondazhi i hartuar dhe administruar nga KLGJ, sipas metodologjis\u00eb s\u00eb Rrjetit Evropian t\u00eb K\u00ebshillave p\u00ebr Gjyq\u00ebsorin.<\/p>\n<p>Vlera Baz\u00eb n\u00eb 2021: Do t\u00eb merret nga KLGJ.<\/p>\n<p>Vlera e synuar n\u00eb 2022: Do t\u00eb merret nga KLGJ.<\/p>\n<p>&nbsp;<\/p>\n<ol start=\"3\">\n<li>\n<h6><strong><em>\u201c% e k\u00ebshilltar\u00ebve\/administrat\u00ebs s\u00eb KLGJ-s\u00eb q\u00eb jan\u00eb trajnuar mbi detyrat e tyre funksionale\u201d.<\/em><\/strong> (Indikator i propozuar nga projekti).<\/h6>\n<\/li>\n<\/ol>\n<p>Burimi: T\u00eb dh\u00ebnat zyrtare t\u00eb KLGJ mbi numrin e trajnimeve t\u00eb ndjekura nga stafi, p\u00ebrfshir\u00eb k\u00ebshilltar\u00ebt e an\u00ebtar\u00ebve (magjistrat\u00eb t\u00eb komanduar dhe jo-magjistrat\u00eb).<\/p>\n<p>Vlera Baz\u00eb n\u00eb 2020: Do t\u00eb merren t\u00eb dh\u00ebnat nga KLGJ.<\/p>\n<p>Vlera e synuar n\u00eb 2022: T\u00eb pakt\u00ebn 2 trajnime n\u00eb vit.<\/p>\n<p>&nbsp;<\/p>\n<ol start=\"4\">\n<li>\n<h6><strong><em>\u201c% e gjyqtar\u00ebve q\u00eb jan\u00eb vler\u00ebsuar nga KLGJ n\u00eb p\u00ebrputhje me <\/em><\/strong><strong><em>planin vjetor t<\/em><\/strong><strong><em>\u00eb<\/em><\/strong><strong><em> KLGJ<\/em><\/strong><strong><em>\u201d<\/em><\/strong>. (Indikator i propozuar nga Projekti n\u00eb p\u00ebrputhje me Synimin Strategjik 2 t\u00eb KLGJ-se \u201cAngazhimi p\u00ebr zbatimin e praktikave m\u00eb t\u00eb mira p\u00ebr menaxhimin e burimeve njer\u00ebzore n\u00eb t\u00eb gjitha nivelet e gjyq\u00ebsorit\u201d 2018-2020 p\u00ebr shkak se vijon t\u00eb jet\u00eb nj\u00eb synim relevant dhe i paplot\u00ebsuar deri n\u00eb 2020).<\/h6>\n<\/li>\n<\/ol>\n<p>Burimi: T\u00eb dh\u00ebnat zyrtare t\u00eb KLGJ-se mbi numrin e vler\u00ebsimeve t\u00eb kryera, procedur\u00ebn e ndjekur dhe koh\u00ebn p\u00ebr t\u00eb cil\u00ebn \u00ebsht\u00eb p\u00ebrfunduar secila procedur\u00eb.<\/p>\n<p>Vlera baz\u00eb n\u00eb 2020<strong>: <\/strong>\u00a0Do t\u00eb merren t\u00eb dh\u00ebnat nga KLGJ.<\/p>\n<p>Vlera e synuar n\u00eb 2022: Do t\u00eb merren t\u00eb dh\u00ebnat nga KLGJ.<\/p>\n<p>&nbsp;<\/p>\n<ol start=\"5\">\n<li>\n<h6><strong><em>\u201cKLGJ monitoron dhe vler\u00ebson ecurin\u00eb e planit strategjik institucional\u201d.<\/em><\/strong><em> (<\/em>Indikator i propozuar nga projekti bazuar n\u00eb objektivat dhe pritshm\u00ebrit\u00eb q\u00eb KLGJ i ka vendosur vetes).<\/h6>\n<\/li>\n<\/ol>\n<p>Burimi: 1. Informacion i marr\u00eb nga KLGJ n\u00ebse ka pasur plan monitorimi dhe proces monitorimi; 2. Analiz\u00eb sintetike e dokumentave t\u00eb prodhuara nga ky proces monitorues (p\u00ebrshembull, a ka pasur raportime p\u00ebr cdo objektiv strategjik dhe a ka pasur rishikim t\u00eb objektivave dhe masave?). 3. Pjes\u00ebmarrje n\u00eb mbledhjet\/takimet e organizuara p\u00ebr k\u00ebt\u00eb q\u00ebllim (a ka pasur diskutim mbi arritjet\/sfidat?).<\/p>\n<p>Vlera baz\u00eb n\u00eb 2020<strong>: <\/strong>Do t\u00eb merren t\u00eb dh\u00ebnat nga KLGJ.<\/p>\n<p>Vlera e synuar ne 2021 dhe 2022: Do t\u00eb merren t\u00eb dh\u00ebnat nga KLGJ.<\/p>\n<p>&nbsp;<\/p>\n<ol start=\"6\">\n<li>\n<h6><strong><em>\u201c% e \u00e7\u00ebshtjeve t\u00eb p\u00ebrfunduara me vendim t\u00eb KLGJ, n\u00eb p\u00ebrputhje me propozimet e d\u00ebrguara nga ILD\u201d<\/em><\/strong><strong>. <\/strong>(Indikator i propozuar nga projekti).<\/h6>\n<\/li>\n<\/ol>\n<p>Burimi: T\u00eb dh\u00ebnat zyrtare t\u00eb KLGJ.<\/p>\n<p>Vlera baz\u00eb n\u00eb 2020: 75%.<\/p>\n<p>Vlera e synuar n\u00eb 2022: Do t\u00eb merren t\u00eb dh\u00ebnat nga KLGJ.<\/p>\n<p>&nbsp;<\/p>\n<ol start=\"7\">\n<li>\n<h6><strong><em>\u201c% e akteve t\u00eb analizuara nga KLGJ q\u00eb kan\u00eb arritur t\u00eb marrin form\u00ebn e projektligjeve apo t\u00eb ligjeve\u201d<\/em><\/strong><strong>.<\/strong> (Indikator i propozuar nga Projekti).<\/h6>\n<\/li>\n<\/ol>\n<p>Burimi: KLGJ: Numri i akteve ligjore t\u00eb analizuara nga KLGJ, n\u00eb bashk\u00ebpunim me aktor\u00eb t\u00eb tjer\u00eb t\u00eb sistemit t\u00eb sistemit t\u00eb drejt\u00ebsis\u00eb, t\u00eb cilat kan\u00eb arritur t\u00eb marrin form\u00ebn e projektligjeve\/ligjeve.<\/p>\n<p>Vlera baz\u00eb n\u00eb2020: Do t\u00eb merret nga KLGJ.<\/p>\n<p>Vlera e synuar n\u00eb 2022: Do te merret nga KLGJ.<\/p>\n<p>&nbsp;<\/p>\n<ol start=\"8\">\n<li>\n<h6><strong><em>\u201cNumri i kandidat\u00ebve magjistrat\u00eb dhe ndihm\u00ebsve ligjor\u00eb t\u00eb pranuar n\u00eb Shkoll\u00ebn e Magjistratur\u00ebs<\/em><\/strong><strong><em>\u201d<\/em><\/strong><strong>.<\/strong> (Indikator 8 i Pasaportes).<\/h6>\n<\/li>\n<\/ol>\n<p>Burimi: T\u00eb dh\u00ebnat zyrtare t\u00eb ShM mbi numrin e magjistrat\u00ebve t\u00eb pranuar n\u00eb nj\u00eb vit akademik.<\/p>\n<p>Vlera baz\u00eb n\u00eb 2020\/2021: 80 kandidat\u00eb.<\/p>\n<p>Vlera e synuar n\u00eb 2022\/2023: 100 kandidat\u00eb.<\/p>\n<p>&nbsp;<\/p>\n<ol start=\"9\">\n<li>\n<h6><strong><em>\u201c% e <\/em><\/strong><strong><em>gjyqtar<\/em><\/strong><strong><em>\u00eb<\/em><\/strong><strong><em>ve q\u00eb kan\u00eb marr\u00eb pjes\u00eb n\u00eb t\u00eb pakt\u00ebn 5 dit\u00eb trajnimi n\u00eb vit<\/em><\/strong><strong><em>\u201d<\/em><\/strong><strong>&#8211;<\/strong>(Indikator i propozuar nga projekti).<\/h6>\n<\/li>\n<\/ol>\n<p>Burimi: T\u00eb dh\u00ebnat zyrtare t\u00eb ShM dhe KLGJ.<\/p>\n<p>Vlera baz\u00eb n\u00eb 2020-2021: Do t\u00eb merret nga ShM.<\/p>\n<p>Vlera e synuar n\u00eb 2021\/2022: Do t\u00eb merret nga KLGJ dhe SHM.<\/p>\n<p>&nbsp;<\/p>\n<ol start=\"10\">\n<li>\n<h6>\u201c<strong><em>Numri i komunikimeve me median nga magjistrati i shtypit ose personi i autorizuar n\u00eb gjykat\u00eb\/prokurori\u201d<\/em>.<\/strong> (Indikator i propozuar nga Projekti).<\/h6>\n<\/li>\n<\/ol>\n<p>Burimi: T\u00eb dh\u00ebnat zyrtare te KLGJ\/gjykatave mbi deklaratat dhe komunikimet e b\u00ebra nga magjistrati i shtypit.<\/p>\n<p>Vlera baz\u00eb n\u00eb 2020: Do t\u00eb merret nga KLGJ\/Gjykatat.<\/p>\n<p>Vlera e synuar n\u00eb 2022: Do t\u00eb merret nga KLGJ\/Gjykatat.<\/p>\n<p>&nbsp;<\/p>\n<ol start=\"11\">\n<li>\n<h6><strong><em>\u201cNumri mesatar i \u00e7\u00ebshtjeve p\u00ebr gjyqtar p\u00ebrgjat\u00eb nj\u00eb viti\u201d<\/em><\/strong><strong>.<\/strong> (Indikator i propozuar nga Projekti).<\/h6>\n<\/li>\n<\/ol>\n<p>Burimi: T\u00eb dh\u00ebnat e p\u00ebrpunuara nga KLGJ.<\/p>\n<p>Vlera baz\u00eb: Do t\u00eb merret nga KLGJ\/MD<\/p>\n<p>Vlera e synuar n\u00eb 2021: Do t\u00eb merret nga KLGJ\/MD.<\/p>\n<p>Vlera e synuar n\u00eb 2022: Do t\u00eb merret nga KLGJ\/MD.<\/p>\n<p>&nbsp;<\/p>\n<ol start=\"12\">\n<li>\n<h6><strong><em>\u201c% e zvog\u00eblimit t\u00eb koh\u00ebzgjatjes mesatare t\u00eb nj\u00eb \u00e7\u00ebshtjeje penale\u201d<\/em><\/strong><strong>&#8211;<\/strong> vlera t\u00eb ndara p\u00ebr shkall\u00ebn e par\u00eb dhe shkall\u00ebn e apelit, vet\u00ebm juridiksion i zakonsh\u00ebm.(Indikatori 13 i Pasaportes).<\/h6>\n<\/li>\n<\/ol>\n<p>Burimi: KLGJ<\/p>\n<p>Vlera baz\u00eb n\u00eb 2020: DT penale sh. 1 = 66 (dit\u00eb); DT penale apel: = 246 (dit\u00eb)<\/p>\n<p>Vlera e synuar n\u00eb 2022: DT penale sh. 1 = 70; DT penale apel: = 260 (dit\u00eb)<\/p>\n<p>&nbsp;<\/p>\n<ol start=\"13\">\n<li>\n<h6><strong><em>\u201c% e zvog\u00eblimit t\u00eb koh\u00ebzgjatjes mesatare t\u00eb \u00e7\u00ebshtjes civile\u201d<\/em><\/strong> &#8211; n\u00eb shkall\u00ebn e par\u00eb dhe n\u00eb apel (vlera t\u00eb ndara p\u00ebr secilin nivel). (Indikatori 14 i Pasaportes).<\/h6>\n<\/li>\n<\/ol>\n<p>Burimi: KLGJ<\/p>\n<p>Vlera baz\u00eb n\u00eb 2020: DT civile sh. 1 = 192 (dit\u00eb); DT civile apel: = 1538 (dit\u00eb)<\/p>\n<p>Vlera e synuar n\u00eb 2022: DT civile sh. 1 = 198 (dit\u00eb); DT civile apel: = 1600 (dit\u00eb)<\/p>\n<p>&nbsp;<\/p>\n<ol start=\"14\">\n<li>\n<h6><strong><em>\u201c% e \u00e7\u00ebshtjeve gjyq\u00ebsore p\u00ebr t\u00eb cilat informacioni baz\u00eb \u00ebsht\u00eb n\u00eb dispozicion n\u00eb internet dhe i p\u00ebrdit\u00ebsuar<\/em><\/strong><strong>\u201d.<\/strong> (Indikatori 15 i Pasaportes).<\/h6>\n<\/li>\n<\/ol>\n<p>Burimi: Qendra IT e KLGJ-s\u00eb, bazuar n\u00eb t\u00eb dh\u00ebnat e disponueshme n\u00eb faqen e gjykat\u00ebs<em>.<\/em><\/p>\n<p>Vlera baz\u00eb n\u00eb 2020:100%<\/p>\n<p>Vlera e synuar n\u00eb 2022:100%.<\/p>\n<p>&nbsp;<\/p>\n<ol start=\"15\">\n<li>\n<h6><em>\u201c<strong>Treguesi i zgjidhjes s\u00eb \u00e7\u00ebshtjeve t\u00eb prapambetura p\u00ebr Gjykat\u00ebn e Lart\u00eb\u201d<\/strong><\/em><strong>.<\/strong> (Indikatori 8 i Pasaportes).<\/h6>\n<\/li>\n<\/ol>\n<p>Burimi: Statistikat e KLGJ mbi numrin e ceshtjeve te prapambetura te\u00a0 zgjidhura brenda nje viti nga Gjykata e Larte.<\/p>\n<p>Vlera baz\u00eb n\u00eb 2020: DT civile: 45 vjet; DT administrative: 21 vjet; DT penale: 11 vjet<\/p>\n<p>Vlera e synuar n\u00eb 2022: DT civile: 20 vjet; DT administrative: 11 vjet; DT penale: 6 vjet<\/p>\n<p>&nbsp;<\/p>\n<ol start=\"16\">\n<li>\n<h6><strong><em>\u201c% e \u00e7\u00ebshtjeve q\u00eb shkojn\u00eb n\u00eb gjyq n\u00eb t\u00eb cilat i pandehuri \u00ebsht\u00eb d\u00ebnuar\u201d<\/em><\/strong><strong>;<\/strong> (Indikator 14 i Pasaportes).<\/h6>\n<\/li>\n<\/ol>\n<p>Burimi: T\u00eb dh\u00ebnat zyrtare t\u00eb PP dhe KLGj.<\/p>\n<p>Vlera baz\u00eb n\u00eb 2020: Do t\u00eb merret nga PP\/KLGJ.<\/p>\n<p>Vlera e synuar n\u00eb 2022: 97.50 %<\/p>\n<p>&nbsp;<\/p>\n<ol start=\"17\">\n<li>\n<h6><strong><em>\u201c% e \u00e7\u00ebshtjeve q\u00eb shkojn\u00eb n\u00eb GJKKO, n\u00eb t\u00eb cilat \u00ebsht\u00eb marr\u00eb nj\u00eb vendim d\u00ebnimi nga gjykata<\/em><\/strong><strong>\u201d.<\/strong> (Indikator i propozuar nga projekti).<\/h6>\n<\/li>\n<\/ol>\n<p>Burimi: T\u00eb dh\u00ebnat zyrtare t\u00eb GJKKO, PP, KLGJ dhe MD.<\/p>\n<p>Vlera baz\u00eb n\u00eb 2020: Do t\u00eb merret nga PP\/KLGJ\/MD.<\/p>\n<p>Vlera e synuar n\u00eb 2021\/2022: Do t\u00eb merret nga PP\/KLGJ\/MD.<\/p>\n<p>&nbsp;<\/p>\n<ol start=\"18\">\n<li>\n<h6><strong><em>\u201c% e rasteve kur korrupsioni i raportuar nga qytetar\u00ebt \u00ebsht\u00eb d\u00ebnuar nga gjykata<\/em><\/strong><strong>\u201d. <\/strong>(Indikator i propozuar nga projekti).<\/h6>\n<\/li>\n<\/ol>\n<p>Burimi: T\u00eb dh\u00ebnat zyrtare t\u00eb PP, MD dhe KLGj.<\/p>\n<p>Vlera baz\u00eb n\u00eb 2020: Do t\u00eb merret nga PP, MD dhe KLGJ.<\/p>\n<p>Vlera e synuar n\u00eb 2021\/2022: Do t\u00eb merret nga PP\/KLGJ.<\/p>\n<p>&nbsp;<\/p>\n<ol start=\"19\">\n<li>\n<h6><strong><em>\u201c% e rasteve kur vendimi i gjykat\u00ebs s\u00eb apelit p\u00ebr d\u00ebnim\/mosd\u00ebnim p\u00ebr shkak t\u00eb korrupsionit, ka l\u00ebn\u00eb n\u00eb fuqi vendimin e gjykat\u00ebs s\u00eb shkall\u00ebs s\u00eb par\u00eb<\/em><\/strong><strong>\u201d. (<\/strong><strong>Indikator i propozuar nga projekti).<\/strong><\/h6>\n<\/li>\n<\/ol>\n<p>Burimi: KLGJ, gjykatat e apelit: T\u00eb dh\u00ebnat zyrtare mbi numrin e c\u00ebshtjeve gjyq\u00ebsore p\u00ebr rastet e korrupsionit, ku gjykata e apelit ka l\u00ebn\u00eb n\u00eb fuqi vendimin e d\u00ebnimit\/mosd\u00ebnimit t\u00eb gjykat\u00ebs s\u00eb shkall\u00ebs s\u00eb par\u00eb.<\/p>\n<p>Vlera baz\u00eb n\u00eb 2020\/2021: Do t\u00eb merret nga institucioni q\u00eb e ka t\u00eb dh\u00ebn\u00ebn.<\/p>\n<p>Vlera e synuar n\u00eb 2021\/2022: Do t\u00eb merret nga institucioni q\u00eb e ka t\u00eb dh\u00ebn\u00ebn.<\/p>\n<p>&nbsp;<\/p>\n<ol start=\"20\">\n<li>\n<h6><strong><em>\u201c% e gjykatave p\u00ebr t\u00eb cilat sistemi i ri i menaxhimit t\u00eb \u00e7\u00ebshtjeve \u00ebsht\u00eb ngritur dhe funksionon me kapacitet t\u00eb plot\u00eb\u201d<\/em><\/strong><strong>.<\/strong> (Indikator 25 i Pasaportes).<\/h6>\n<\/li>\n<\/ol>\n<p>Burimi: T\u00eb dh\u00ebnat e KLGJ-se dhe MD-se.<\/p>\n<p>Vlera Baz\u00eb dhe Vlera e Synuar do t\u00eb p\u00ebrcaktohen duke filluar nga viti 2023. Mund t\u00eb monitorohen vet\u00ebm masat e nd\u00ebrmarra\/p\u00ebrgatitjet p\u00ebr ngritjen e sistemit gjat\u00eb 2021-2022.[\/vc_column_text][\/vc_column][\/vc_row][vc_row][vc_column icons_position=&#8221;left&#8221;][vc_separator][\/vc_column][\/vc_row]<\/p>\n","protected":false},"excerpt":{"rendered":"<p>[vc_row hide_bg_image_on_tablet=&#8221;&#8221; hide_bg_image_on_mobile=&#8221;&#8221; row_delimiter=&#8221;&#8221; row_hide_unfixed=&#8221;&#8221; hide_on_desktop=&#8221;&#8221; hide_on_notebook=&#8221;&#8221; hide_on_tablet=&#8221;&#8221; hide_on_mobile=&#8221;&#8221; hide_on_frontpage=&#8221;&#8221; hide_on_singular=&#8221;&#8221; hide_on_other=&#8221;&#8221;][vc_column icons_position=&#8221;left&#8221;][vc_column_text] K\u00cbSHILLIN E LART\u00cb T\u00cb GJYQ\u00cbSORIT Indikator\u00ebt e rezultateve p\u00ebr KLGJ, propozuar nga ISPL, n\u00eb baz\u00eb t\u00eb SND 2021-2025 Projekti \u201cAll Eyes on Justice &#8211; Monitoring the Justice Reform in Albania\u201d Financuar nga: Programi MATRA\/Ambasada e Mbret\u00ebris\u00eb s\u00eb Holand\u00ebs n\u00eb Shqip\u00ebri Zbatuar nga:\u00a0 Instituti p\u00ebr Studime Publike e&hellip;<\/p>\n","protected":false},"author":1,"featured_media":0,"parent":3225,"menu_order":0,"comment_status":"closed","ping_status":"closed","template":"","meta":{"footnotes":""},"class_list":["post-3451","page","type-page","status-publish","hentry"],"_links":{"self":[{"href":"https:\/\/ipls.org\/projekte\/alleyesonjustice\/wp-json\/wp\/v2\/pages\/3451","targetHints":{"allow":["GET"]}}],"collection":[{"href":"https:\/\/ipls.org\/projekte\/alleyesonjustice\/wp-json\/wp\/v2\/pages"}],"about":[{"href":"https:\/\/ipls.org\/projekte\/alleyesonjustice\/wp-json\/wp\/v2\/types\/page"}],"author":[{"embeddable":true,"href":"https:\/\/ipls.org\/projekte\/alleyesonjustice\/wp-json\/wp\/v2\/users\/1"}],"replies":[{"embeddable":true,"href":"https:\/\/ipls.org\/projekte\/alleyesonjustice\/wp-json\/wp\/v2\/comments?post=3451"}],"version-history":[{"count":3,"href":"https:\/\/ipls.org\/projekte\/alleyesonjustice\/wp-json\/wp\/v2\/pages\/3451\/revisions"}],"predecessor-version":[{"id":3455,"href":"https:\/\/ipls.org\/projekte\/alleyesonjustice\/wp-json\/wp\/v2\/pages\/3451\/revisions\/3455"}],"up":[{"embeddable":true,"href":"https:\/\/ipls.org\/projekte\/alleyesonjustice\/wp-json\/wp\/v2\/pages\/3225"}],"wp:attachment":[{"href":"https:\/\/ipls.org\/projekte\/alleyesonjustice\/wp-json\/wp\/v2\/media?parent=3451"}],"curies":[{"name":"wp","href":"https:\/\/api.w.org\/{rel}","templated":true}]}}