{"id":3463,"date":"2022-03-10T10:39:30","date_gmt":"2022-03-10T10:39:30","guid":{"rendered":"http:\/\/ipls.org\/projekte\/alleyesonjustice\/?page_id=3463"},"modified":"2022-03-10T10:39:30","modified_gmt":"2022-03-10T10:39:30","slug":"indikatoret-e-pp","status":"publish","type":"page","link":"https:\/\/ipls.org\/projekte\/alleyesonjustice\/matrica\/indikatoret-e-pp\/","title":{"rendered":"Indikatoret e PP"},"content":{"rendered":"<p>[vc_row hide_bg_image_on_tablet=&#8221;&#8221; hide_bg_image_on_mobile=&#8221;&#8221; row_delimiter=&#8221;&#8221; row_hide_unfixed=&#8221;&#8221; hide_on_desktop=&#8221;&#8221; hide_on_notebook=&#8221;&#8221; hide_on_tablet=&#8221;&#8221; hide_on_mobile=&#8221;&#8221; hide_on_frontpage=&#8221;&#8221; hide_on_singular=&#8221;&#8221; hide_on_other=&#8221;&#8221;][vc_column icons_position=&#8221;left&#8221;][vc_column_text]<\/p>\n<h2><strong>PROKURORI I PERGJITHSHEM<\/strong><\/h2>\n<p><strong>Indikator\u00ebt e rezultateve p\u00ebr PP, propozuar nga ISPL, n\u00eb baz\u00eb t\u00eb SND 2021-2025<\/strong><\/p>\n<p><em>Projekti \u201c<strong>All Eyes on Justice &#8211; Monitoring the Justice Reform in Albania<\/strong>\u201d<\/em><\/p>\n<p><em>Financuar nga: <strong>Programi MATRA\/Ambasada e Mbret\u00ebris\u00eb s\u00eb Holand\u00ebs n\u00eb Shqip\u00ebri<\/strong><\/em><\/p>\n<p><em>Zbatuar nga:\u00a0 <strong>Instituti p\u00ebr Studime Publike e Ligjore (ISPL<\/strong>)<\/em><\/p>\n<p>&nbsp;<\/p>\n<ol>\n<li>\n<h6><strong><em>\u201c% e \u00e7\u00ebshtjeve q\u00eb shkojn\u00eb n\u00eb gjyq n\u00eb t\u00eb cilat i pandehuri \u00ebsht\u00eb d\u00ebnuar\u201d <\/em><\/strong><strong>(Indikator 14 i Pasaportes). <\/strong><\/h6>\n<\/li>\n<\/ol>\n<p>Burimi: T\u00eb dh\u00ebnat zyrtare t\u00eb PP dhe KLGj mbi numrin e t\u00eb pandehurve p\u00ebr t\u00eb cil\u00ebt \u00ebsht\u00eb vendosur pafaj\u00ebsi ose pushim dhe numrin n\u00eb total t\u00eb t\u00eb pandehurve t\u00eb gjykuar nga gjykatat ne vit. Raporti midis tyre jep rezultatin n\u00eb p\u00ebrqindje<\/p>\n<p>Vlera baz\u00eb n\u00eb 2020: Do t\u00eb merret nga PP dhe KLGJ.<\/p>\n<p>Vlera e synuar n\u00eb 2021\/2022: 97.50%<\/p>\n<p>&nbsp;<\/p>\n<ol start=\"2\">\n<li>\n<h6><strong><em>\u201c% e rasteve kur korrupsioni i raportuar nga qytetar\u00ebt \u00ebsht\u00eb d\u00ebnuar nga gjykata\u201d. <\/em><\/strong><strong>(<\/strong><strong>Indikator i propozuar nga projekti). <\/strong><\/h6>\n<\/li>\n<\/ol>\n<p>Burimi: T\u00eb dh\u00ebnat zyrtare t\u00eb PP, SPAK, KLGJ dhe MD mbi numrin e t\u00eb d\u00ebnuarve n\u00eb rastet e c\u00ebshtjeve t\u00eb hetuar bazuar n\u00eb denoncimet p\u00ebr korrupsion.<\/p>\n<p>Vlera baz\u00eb n\u00eb 2020: Do t\u00eb merret nga institucioni q\u00eb e ka t\u00eb dh\u00ebn\u00ebn.<\/p>\n<p>Vlera baz\u00eb n\u00eb 2022: Do t\u00eb merret nga institucioni q\u00eb e ka t\u00eb dh\u00ebn\u00ebn.<\/p>\n<p>&nbsp;<\/p>\n<ol start=\"3\">\n<li>\n<h6><em>\u201c<strong>Vlera e pasurive t\u00eb sekuestruara\/konfiskuara<\/strong><\/em><strong>\u201d. (Indikator i propozuar nga projekti).<\/strong><\/h6>\n<\/li>\n<\/ol>\n<p>Burimi: PP, KLP, SPAK, GJKKO: T\u00eb dh\u00ebnat zyrtare mbi pasurit\u00eb e sekuestruara dhe konfiskuara n\u00eb t\u00eb pakt\u00ebn tre vite, p\u00ebr t\u00eb par\u00eb rritjen ose jo t\u00eb vler\u00ebs s\u00eb tyre nga viti n\u00eb vit.<\/p>\n<p>Vlera baz\u00eb n\u00eb 2020\/2021: Do t\u00eb merret e dh\u00ebna nga PP dhe SPAK.<\/p>\n<p>Vlera e synuar n\u00eb 2022: Do t\u00eb merret e dh\u00ebna nga PP dhe SPAK.<\/p>\n<p>&nbsp;<\/p>\n<ol start=\"4\">\n<li>\n<h6><strong><em>\u201c% e rasteve t\u00eb hetimeve proaktive n\u00eb krahasim me rastet e referuara nga policia apo kall\u00ebzimet n\u00eb prokurori\u201d <\/em><\/strong><strong>(vlera t\u00eb ndryshme p\u00ebr Prokurorin\u00eb e Rrethit Tiran\u00eb, Prokurorin\u00eb e P\u00ebrgjithshme dhe SPAK)<em>. <\/em>(Indikator i propozuar nga projekti).<\/strong><\/h6>\n<\/li>\n<\/ol>\n<p>Burimi: PP, SPAK dhe BKH: T\u00eb dh\u00ebnat zyrtare t\u00eb rasteve kur Prokuroria ka regjistruar c\u00ebshtjen penale me iniciativ\u00eb t\u00eb saj, n\u00eb krahasim me numrin e rasteve kur ka regjistruar c\u00ebshtjen si rrjedhoj\u00eb e rasteve t\u00eb referuara nga policia ose kall\u00ebzimet e b\u00ebra drejtp\u00ebrdrejt\u00eb n\u00eb prokurori.<\/p>\n<p>Vlera baz\u00eb n\u00eb 2021: Do t\u00eb merret e dh\u00ebna nga PP dhe SPAK.<\/p>\n<p>Vlera e synuar n\u00eb 2022: Do t\u00eb merret e dh\u00ebna nga PP dhe SPAK.[\/vc_column_text][\/vc_column][\/vc_row][vc_row][vc_column icons_position=&#8221;left&#8221;][vc_separator][\/vc_column][\/vc_row]<\/p>\n","protected":false},"excerpt":{"rendered":"<p>[vc_row hide_bg_image_on_tablet=&#8221;&#8221; hide_bg_image_on_mobile=&#8221;&#8221; row_delimiter=&#8221;&#8221; row_hide_unfixed=&#8221;&#8221; hide_on_desktop=&#8221;&#8221; hide_on_notebook=&#8221;&#8221; hide_on_tablet=&#8221;&#8221; hide_on_mobile=&#8221;&#8221; hide_on_frontpage=&#8221;&#8221; hide_on_singular=&#8221;&#8221; hide_on_other=&#8221;&#8221;][vc_column icons_position=&#8221;left&#8221;][vc_column_text] PROKURORI I PERGJITHSHEM Indikator\u00ebt e rezultateve p\u00ebr PP, propozuar nga ISPL, n\u00eb baz\u00eb t\u00eb SND 2021-2025 Projekti \u201cAll Eyes on Justice &#8211; Monitoring the Justice Reform in Albania\u201d Financuar nga: Programi MATRA\/Ambasada e Mbret\u00ebris\u00eb s\u00eb Holand\u00ebs n\u00eb Shqip\u00ebri Zbatuar nga:\u00a0 Instituti p\u00ebr Studime Publike e Ligjore (ISPL)&hellip;<\/p>\n","protected":false},"author":1,"featured_media":0,"parent":3225,"menu_order":0,"comment_status":"closed","ping_status":"closed","template":"","meta":{"footnotes":""},"class_list":["post-3463","page","type-page","status-publish","hentry"],"_links":{"self":[{"href":"https:\/\/ipls.org\/projekte\/alleyesonjustice\/wp-json\/wp\/v2\/pages\/3463","targetHints":{"allow":["GET"]}}],"collection":[{"href":"https:\/\/ipls.org\/projekte\/alleyesonjustice\/wp-json\/wp\/v2\/pages"}],"about":[{"href":"https:\/\/ipls.org\/projekte\/alleyesonjustice\/wp-json\/wp\/v2\/types\/page"}],"author":[{"embeddable":true,"href":"https:\/\/ipls.org\/projekte\/alleyesonjustice\/wp-json\/wp\/v2\/users\/1"}],"replies":[{"embeddable":true,"href":"https:\/\/ipls.org\/projekte\/alleyesonjustice\/wp-json\/wp\/v2\/comments?post=3463"}],"version-history":[{"count":1,"href":"https:\/\/ipls.org\/projekte\/alleyesonjustice\/wp-json\/wp\/v2\/pages\/3463\/revisions"}],"predecessor-version":[{"id":3464,"href":"https:\/\/ipls.org\/projekte\/alleyesonjustice\/wp-json\/wp\/v2\/pages\/3463\/revisions\/3464"}],"up":[{"embeddable":true,"href":"https:\/\/ipls.org\/projekte\/alleyesonjustice\/wp-json\/wp\/v2\/pages\/3225"}],"wp:attachment":[{"href":"https:\/\/ipls.org\/projekte\/alleyesonjustice\/wp-json\/wp\/v2\/media?parent=3463"}],"curies":[{"name":"wp","href":"https:\/\/api.w.org\/{rel}","templated":true}]}}